############################################################################## ############################################################################## ### ### Running command: ### ### /Library/Frameworks/R.framework/Resources/bin/R CMD build --keep-empty-dirs --no-resave-data PLSDAbatch ### ############################################################################## ############################################################################## * checking for file ‘PLSDAbatch/DESCRIPTION’ ... OK * preparing ‘PLSDAbatch’: * checking DESCRIPTION meta-information ...Warning in person1(given = given[[i]], family = family[[i]], middle = middle[[i]], : It is recommended to use ‘given’ instead of ‘middle’. OK * installing the package to process help pages Loading required namespace: PLSDAbatch Warning: replacing previous import ‘mixOmics::pca’ by ‘vegan::pca’ when loading ‘PLSDAbatch’ * saving partial Rd database * creating vignettes ... ERROR --- re-building ‘brief_vignette.Rmd’ using rmarkdown 2024-10-17 06:33:31.778 R[29682:389800515] XType: Using static font registry. Quitting from lines 629-656 [ADalignment] (brief_vignette.Rmd) Error: processing vignette 'brief_vignette.Rmd' failed with diagnostics: 'data' must be of a vector type, was 'NULL' --- failed re-building ‘brief_vignette.Rmd’ SUMMARY: processing the following file failed: ‘brief_vignette.Rmd’ Error: Vignette re-building failed. Execution halted