############################################################################## ############################################################################## ### ### Running command: ### ### chmod a+r KinSwingR -R && E:\biocbuild\bbs-3.19-bioc\R\bin\R.exe CMD build --keep-empty-dirs --no-resave-data KinSwingR ### ############################################################################## ############################################################################## * checking for file 'KinSwingR/DESCRIPTION' ... OK * preparing 'KinSwingR': * checking DESCRIPTION meta-information ... OK * installing the package to build vignettes * creating vignettes ... ERROR --- re-building 'KinSwingR.Rmd' using rmarkdown Quitting from lines 182-194 [unnamed-chunk-7] (KinSwingR.Rmd) Error: processing vignette 'KinSwingR.Rmd' failed with diagnostics: cannot open the connection --- failed re-building 'KinSwingR.Rmd' SUMMARY: processing the following file failed: 'KinSwingR.Rmd' Error: Vignette re-building failed. Execution halted