############################################################################## ############################################################################## ### ### Running command: ### ### /home/hpages/bbs-3.18-bioc/R/bin/R CMD build --keep-empty-dirs --no-resave-data vsn ### ############################################################################## ############################################################################## * checking for file ‘vsn/DESCRIPTION’ ... OK * preparing ‘vsn’: * checking DESCRIPTION meta-information ... OK * cleaning src * installing the package to build vignettes * creating vignettes ... ERROR --- re-building ‘A-vsn.Rmd’ using rmarkdown The magick package is required to crop "/tmp/RtmprutWTD/Rbuild7848758eed7ed/vsn/vignettes/A-vsn_files/figure-html/nkid-scp-1.png" but not available. The magick package is required to crop "/tmp/RtmprutWTD/Rbuild7848758eed7ed/vsn/vignettes/A-vsn_files/figure-html/nkid-sdmean1-1.png" but not available. The magick package is required to crop "/tmp/RtmprutWTD/Rbuild7848758eed7ed/vsn/vignettes/A-vsn_files/figure-html/nkid-sdmean2-1.png" but not available. The magick package is required to crop "/tmp/RtmprutWTD/Rbuild7848758eed7ed/vsn/vignettes/A-vsn_files/figure-html/nkid-histM-1.png" but not available. The magick package is required to crop "/tmp/RtmprutWTD/Rbuild7848758eed7ed/vsn/vignettes/A-vsn_files/figure-html/lym-sdmean-1.png" but not available. The magick package is required to crop "/tmp/RtmprutWTD/Rbuild7848758eed7ed/vsn/vignettes/A-vsn_files/figure-html/lym-M-1.png" but not available. Quitting from lines 256-259 [loadaffy1] (A-vsn.Rmd) Error: processing vignette 'A-vsn.Rmd' failed with diagnostics: there is no package called 'affydata' --- failed re-building ‘A-vsn.Rmd’ --- re-building ‘C-likelihoodcomputations.Rnw’ using Sweave --- finished re-building ‘C-likelihoodcomputations.Rnw’ --- re-building ‘D-convergence.Rnw’ using Sweave --- finished re-building ‘D-convergence.Rnw’ SUMMARY: processing the following file failed: ‘A-vsn.Rmd’ Error: Vignette re-building failed. Execution halted