############################################################################## ############################################################################## ### ### Running command: ### ### /home/biocbuild/R/R-4.3.1/bin/R CMD check --install=check:methylPipe.install-out.txt --library=/home/biocbuild/R/R-4.3.1/site-library --no-vignettes --timings methylPipe_1.36.0.tar.gz ### ############################################################################## ############################################################################## * using log directory ‘/home/biocbuild/bbs-3.18-bioc/meat/methylPipe.Rcheck’ * using R version 4.3.1 (2023-06-16) * using platform: aarch64-unknown-linux-gnu (64-bit) * R was compiled by gcc (GCC) 10.3.1 GNU Fortran (GCC) 10.3.1 * running under: openEuler 22.03 (LTS-SP1) * using session charset: UTF-8 * using option ‘--no-vignettes’ * checking for file ‘methylPipe/DESCRIPTION’ ... OK * checking extension type ... Package * this is package ‘methylPipe’ version ‘1.36.0’ * checking package namespace information ... OK * checking package dependencies ... OK * checking if this is a source package ... OK * checking if there is a namespace ... OK * checking for hidden files and directories ... OK * checking for portable file names ... OK * checking for sufficient/correct file permissions ... OK * checking whether package ‘methylPipe’ can be installed ... OK * used C compiler: ‘gcc (GCC) 10.3.1’ * checking installed package size ... OK * checking package directory ... OK * checking ‘build’ directory ... OK * checking DESCRIPTION meta-information ... OK * checking top-level files ... OK * checking for left-over files ... OK * checking index information ... OK * checking package subdirectories ... OK * checking R files for non-ASCII characters ... OK * checking R files for syntax errors ... OK * checking whether the package can be loaded ... OK * checking whether the package can be loaded with stated dependencies ... OK * checking whether the package can be unloaded cleanly ... OK * checking whether the namespace can be loaded with stated dependencies ... OK * checking whether the namespace can be unloaded cleanly ... OK * checking loading without being on the library search path ... OK * checking startup messages can be suppressed ... OK * checking dependencies in R code ... OK * checking S3 generic/method consistency ... OK * checking replacement functions ... OK * checking foreign function calls ... OK * checking R code for possible problems ... OK * checking Rd files ... OK * checking Rd metadata ... OK * checking Rd cross-references ... OK * checking for missing documentation entries ... WARNING Undocumented S4 methods: generic '[' and siglist 'BSdataSet,ANY,ANY,ANY' generic '[' and siglist 'GElist,ANY,ANY,ANY' generic '[[<-' and siglist 'BSdataSet,ANY,ANY,ANY' generic '[[<-' and siglist 'GElist,ANY,ANY,ANY' All user-level objects in a package (including S4 classes and methods) should have documentation entries. See chapter ‘Writing R documentation files’ in the ‘Writing R Extensions’ manual. * checking for code/documentation mismatches ... OK * checking Rd \usage sections ... OK * checking Rd contents ... OK * checking for unstated dependencies in examples ... OK * checking line endings in C/C++/Fortran sources/headers ... OK * checking compiled code ... NOTE Note: information on .o files is not available * checking files in ‘vignettes’ ... OK * checking examples ... ERROR Running examples in ‘methylPipe-Ex.R’ failed The error most likely occurred in: > base::assign(".ptime", proc.time(), pos = "CheckExEnv") > ### Name: findDMR > ### Title: Identifying Differentially Methylated Regions (DMRs) > ### Aliases: findDMR findDMR,methylPipe,BSdataSet > ### findDMR,methylPipe,BSdataSet-method findDMR-methods > ### findDMR,BSdataSet-method > > ### ** Examples > > require(BSgenome.Hsapiens.UCSC.hg18) Loading required package: BSgenome.Hsapiens.UCSC.hg18 Loading required package: BSgenome Loading required package: BiocIO Loading required package: rtracklayer Attaching package: 'rtracklayer' The following object is masked from 'package:BiocIO': FileForFormat > uncov_GR <- GRanges(Rle('chr20'), IRanges(c(14350,69251,84185), c(18349,73250,88184))) > H1data <- system.file('extdata', 'H1_chr20_CG_10k_tabix_out.txt.gz', package='methylPipe') > H1.db <- BSdata(file=H1data, uncov=uncov_GR, org=Hsapiens) > IMR90data <- system.file('extdata', 'IMR90_chr20_CG_10k_tabix_out.txt.gz', package='methylPipe') > IMR90.db <- BSdata(file=IMR90data, uncov=uncov_GR, org=Hsapiens) > H1.IMR90.set <- BSdataSet(org=Hsapiens, group=c("C","E"), IMR90=IMR90.db, H1=H1.db) > gr_file <- system.file('extdata', 'GR_chr20.Rdata', package='methylPipe') > load(gr_file) > DMRs <- findDMR(object= H1.IMR90.set, Nproc=1, ROI=GR_chr20, MCClass='mCG', + dmrSize=10, dmrBp=1000, eprop=0.3) * checking for unstated dependencies in vignettes ... OK * checking package vignettes in ‘inst/doc’ ... OK * checking running R code from vignettes ... SKIPPED * checking re-building of vignette outputs ... SKIPPED * checking PDF version of manual ... OK * DONE Status: 1 ERROR, 1 WARNING, 1 NOTE See ‘/home/biocbuild/bbs-3.18-bioc/meat/methylPipe.Rcheck/00check.log’ for details.