############################################################################## ############################################################################## ### ### Running command: ### ### /home/biocbuild/R/R-4.3.1/bin/R CMD check --install=check:SCATE.install-out.txt --library=/home/biocbuild/R/R-4.3.1/site-library --timings SCATE_1.11.1.tar.gz ### ############################################################################## ############################################################################## * using log directory ‘/home/biocbuild/bbs-3.18-bioc/meat/SCATE.Rcheck’ * using R version 4.3.1 (2023-06-16) * using platform: aarch64-unknown-linux-gnu (64-bit) * R was compiled by gcc (GCC) 10.3.1 GNU Fortran (GCC) 10.3.1 * running under: openEuler 22.03 (LTS-SP1) * using session charset: UTF-8 * checking for file ‘SCATE/DESCRIPTION’ ... OK * this is package ‘SCATE’ version ‘1.11.1’ * package encoding: UTF-8 * checking package namespace information ... OK * checking package dependencies ... NOTE Depends: includes the non-default packages: 'parallel', 'preprocessCore', 'splines', 'splines2', 'xgboost', 'SCATEData', 'Rtsne', 'mclust' Adding so many packages to the search path is excessive and importing selectively is preferable. * checking if this is a source package ... OK * checking if there is a namespace ... OK * checking for hidden files and directories ... OK * checking for portable file names ... OK * checking for sufficient/correct file permissions ... OK * checking whether package ‘SCATE’ can be installed ... WARNING Found the following significant warnings: Warning: Package 'SCATE' is deprecated and will be removed from Bioconductor See ‘/home/biocbuild/bbs-3.18-bioc/meat/SCATE.Rcheck/00install.out’ for details. * checking installed package size ... OK * checking package directory ... OK * checking ‘build’ directory ... OK * checking DESCRIPTION meta-information ... OK * checking top-level files ... OK * checking for left-over files ... OK * checking index information ... OK * checking package subdirectories ... OK * checking R files for non-ASCII characters ... OK * checking R files for syntax errors ... OK * checking whether the package can be loaded ... OK * checking whether the package can be loaded with stated dependencies ... OK * checking whether the package can be unloaded cleanly ... OK * checking whether the namespace can be loaded with stated dependencies ... OK * checking whether the namespace can be unloaded cleanly ... OK * checking loading without being on the library search path ... OK * checking startup messages can be suppressed ... OK * checking dependencies in R code ... NOTE Package in Depends field not imported from: ‘SCATEData’ These packages need to be imported from (in the NAMESPACE file) for when this namespace is loaded but not attached. * checking S3 generic/method consistency ... OK * checking replacement functions ... OK * checking foreign function calls ... OK * checking R code for possible problems ... NOTE SCATE : SCATEsingle: no visible global function definition for ‘IRanges’ cellcluster : : no visible global function definition for ‘IRanges’ extractfeature: no visible global function definition for ‘IRanges’ makedatabase: no visible global function definition for ‘IRanges’ makedatabase: no visible global function definition for ‘seqlevels’ peakcall: no visible global function definition for ‘IRanges’ Undefined global functions or variables: IRanges seqlevels * checking Rd files ... OK * checking Rd metadata ... OK * checking Rd cross-references ... OK * checking for missing documentation entries ... OK * checking for code/documentation mismatches ... OK * checking Rd \usage sections ... OK * checking Rd contents ... OK * checking for unstated dependencies in examples ... OK * checking files in ‘vignettes’ ... OK * checking examples ... OK Examples with CPU (user + system) or elapsed time > 5s user system elapsed SCATEpipeline 125.704 1.381 106.989 SCATE 113.743 2.141 96.212 peakcall 105.214 0.914 87.828 cellcluster 21.127 0.372 21.534 * checking for unstated dependencies in vignettes ... OK * checking package vignettes in ‘inst/doc’ ... OK * checking running R code from vignettes ... ‘SCATE.Rmd’ using ‘UTF-8’... OK NONE * checking re-building of vignette outputs ... ERROR Error(s) in re-building vignettes: ... --- re-building ‘SCATE.Rmd’ using rmarkdown Error: processing vignette 'SCATE.Rmd' failed with diagnostics: there is no package called ‘BiocStyle’ --- failed re-building ‘SCATE.Rmd’ SUMMARY: processing the following file failed: ‘SCATE.Rmd’ Error: Vignette re-building failed. Execution halted * checking PDF version of manual ... OK * DONE Status: 1 ERROR, 1 WARNING, 3 NOTEs See ‘/home/biocbuild/bbs-3.18-bioc/meat/SCATE.Rcheck/00check.log’ for details.