############################################################################## ############################################################################## ### ### Running command: ### ### /Library/Frameworks/R.framework/Resources/bin/R CMD check --install=check:ILoReg.install-out.txt --library=/Library/Frameworks/R.framework/Resources/library --no-vignettes --timings ILoReg_1.12.1.tar.gz ### ############################################################################## ############################################################################## * using log directory ‘/Users/biocbuild/bbs-3.18-bioc/meat/ILoReg.Rcheck’ * using R version 4.3.2 Patched (2023-11-01 r85457) * using platform: x86_64-apple-darwin20 (64-bit) * R was compiled by Apple clang version 14.0.3 (clang-1403.0.22.14.1) GNU Fortran (GCC) 12.2.0 * running under: macOS Monterey 12.7.1 * using session charset: UTF-8 * using option ‘--no-vignettes’ * checking for file ‘ILoReg/DESCRIPTION’ ... OK * checking extension type ... Package * this is package ‘ILoReg’ version ‘1.12.1’ * package encoding: UTF-8 * checking package namespace information ... OK * checking package dependencies ... OK * checking if this is a source package ... OK * checking if there is a namespace ... OK * checking for hidden files and directories ... OK * checking for portable file names ... OK * checking for sufficient/correct file permissions ... OK * checking whether package ‘ILoReg’ can be installed ... OK * checking installed package size ... OK * checking package directory ... OK * checking ‘build’ directory ... OK * checking DESCRIPTION meta-information ... OK * checking top-level files ... OK * checking for left-over files ... OK * checking index information ... OK * checking package subdirectories ... OK * checking R files for non-ASCII characters ... OK * checking R files for syntax errors ... OK * checking whether the package can be loaded ... OK * checking whether the package can be loaded with stated dependencies ... OK * checking whether the package can be unloaded cleanly ... OK * checking whether the namespace can be loaded with stated dependencies ... OK * checking whether the namespace can be unloaded cleanly ... OK * checking dependencies in R code ... OK * checking S3 generic/method consistency ... OK * checking replacement functions ... OK * checking foreign function calls ... OK * checking R code for possible problems ... OK * checking Rd files ... OK * checking Rd metadata ... OK * checking Rd cross-references ... OK * checking for missing documentation entries ... OK * checking for code/documentation mismatches ... WARNING Codoc mismatches from documentation object 'FindAllGeneMarkers': FindAllGeneMarkers.SingleCellExperiment Code: function(object, clustering.type, test, log2fc.threshold, min.pct, min.diff.pct, min.cells.group, max.cells.per.cluster, return.thresh, only.pos) Docs: function(object, clustering.type, test, log2fc.threshold, min.pct, min.diff.pct, min.cells.group, max.cells.per.cluster, pseudocount.use, return.thresh, only.pos) Argument names in docs not in code: pseudocount.use Mismatches in argument names: Position: 9 Code: return.thresh Docs: pseudocount.use Position: 10 Code: only.pos Docs: return.thresh \S4method{FindAllGeneMarkers}{SingleCellExperiment} Code: function(object, clustering.type = "manual", test = "wilcox", log2fc.threshold = 0.25, min.pct = 0.1, min.diff.pct = NULL, min.cells.group = 3, max.cells.per.cluster = NULL, return.thresh = 0.01, only.pos = FALSE) Docs: function(object, clustering.type = "manual", test = "wilcox", log2fc.threshold = 0.25, min.pct = 0.1, min.diff.pct = NULL, min.cells.group = 3, max.cells.per.cluster = NULL, pseudocount.use = 1, return.thresh = 0.01, only.pos = FALSE) Argument names in docs not in code: pseudocount.use Mismatches in argument names: Position: 9 Code: return.thresh Docs: pseudocount.use Position: 10 Code: only.pos Docs: return.thresh Codoc mismatches from documentation object 'FindGeneMarkers': FindGeneMarkers.SingleCellExperiment Code: function(object, clusters.1, clusters.2, clustering.type, test, logfc.threshold, min.pct, min.diff.pct, min.cells.group, max.cells.per.cluster, return.thresh, only.pos) Docs: function(object, clusters.1, clusters.2, clustering.type, test, logfc.threshold, min.pct, min.diff.pct, min.cells.group, max.cells.per.cluster, pseudocount.use, return.thresh, only.pos) Argument names in docs not in code: pseudocount.use Mismatches in argument names: Position: 11 Code: return.thresh Docs: pseudocount.use Position: 12 Code: only.pos Docs: return.thresh \S4method{FindGeneMarkers}{SingleCellExperiment} Code: function(object, clusters.1 = NULL, clusters.2 = NULL, clustering.type = "", test = "wilcox", logfc.threshold = 0.25, min.pct = 0.1, min.diff.pct = NULL, min.cells.group = 3, max.cells.per.cluster = NULL, return.thresh = 0.01, only.pos = FALSE) Docs: function(object, clusters.1 = NULL, clusters.2 = NULL, clustering.type = "", test = "wilcox", logfc.threshold = 0.25, min.pct = 0.1, min.diff.pct = NULL, min.cells.group = 3, max.cells.per.cluster = NULL, pseudocount.use = 1, return.thresh = 0.01, only.pos = FALSE) Argument names in docs not in code: pseudocount.use Mismatches in argument names: Position: 11 Code: return.thresh Docs: pseudocount.use Position: 12 Code: only.pos Docs: return.thresh Codoc mismatches from documentation object 'RunICP': RunICP Code: function(normalized.data = NULL, k = 15, d = 0.3, r = 5, C = 5, reg.type = "L1", max.iter = 200, icp.batch.size = Inf) Docs: function(normalized.data = NULL, k = 15, d = 0.3, r = 5, C = 5, reg.type = "L1", max.iter = 200) Argument names in code not in docs: icp.batch.size Codoc mismatches from documentation object 'RunParallelICP': RunParallelICP.SingleCellExperiment Code: function(object, k, d, L, r, C, reg.type, max.iter, threads, icp.batch.size) Docs: function(object, k, d, L, r, C, reg.type, max.iter, threads) Argument names in code not in docs: icp.batch.size \S4method{RunParallelICP}{SingleCellExperiment} Code: function(object, k = 15, d = 0.3, L = 200, r = 5, C = 0.3, reg.type = "L1", max.iter = 200, threads = 0, icp.batch.size = Inf) Docs: function(object, k = 15, d = 0.3, L = 200, r = 5, C = 0.3, reg.type = "L1", max.iter = 200, threads = 0) Argument names in code not in docs: icp.batch.size * checking Rd \usage sections ... OK * checking Rd contents ... OK * checking for unstated dependencies in examples ... OK * checking contents of ‘data’ directory ... OK * checking data for non-ASCII characters ... OK * checking LazyData ... OK * checking data for ASCII and uncompressed saves ... OK * checking files in ‘vignettes’ ... OK * checking examples ... OK Examples with CPU (user + system) or elapsed time > 5s user system elapsed FindAllGeneMarkers 20.027 1.920 22.298 SelectTopGenes 14.847 1.811 16.976 ClusteringScatterPlot 13.207 1.626 15.155 AnnotationScatterPlot 12.072 1.706 13.997 GeneHeatmap 11.740 1.679 13.648 GeneScatterPlot 10.362 1.344 11.940 FindGeneMarkers 9.085 1.416 10.653 CalcSilhInfo 8.823 1.435 10.462 RunUMAP 8.649 1.414 10.231 SilhouetteCurve 7.688 1.454 9.273 RunTSNE 7.748 1.390 9.340 VlnPlot 7.348 1.420 8.887 RunPCA 7.143 1.435 8.797 RenameAllClusters 6.734 1.380 8.280 PCAElbowPlot 6.739 1.275 8.151 HierarchicalClustering 6.566 1.303 7.976 RenameCluster 6.537 1.323 8.020 SelectKClusters 6.457 1.322 7.913 MergeClusters 6.444 1.317 7.937 RunParallelICP 6.346 1.323 7.835 * checking for unstated dependencies in vignettes ... OK * checking package vignettes in ‘inst/doc’ ... OK * checking running R code from vignettes ... SKIPPED * checking re-building of vignette outputs ... SKIPPED * checking PDF version of manual ... OK * DONE Status: 1 WARNING See ‘/Users/biocbuild/bbs-3.18-bioc/meat/ILoReg.Rcheck/00check.log’ for details.