############################################################################## ############################################################################## ### ### Running command: ### ### /Library/Frameworks/R.framework/Resources/bin/R CMD build --keep-empty-dirs --no-resave-data BSgenomeForge ### ############################################################################## ############################################################################## * checking for file ‘BSgenomeForge/DESCRIPTION’ ... OK * preparing ‘BSgenomeForge’: * checking DESCRIPTION meta-information ... OK * installing the package to build vignettes * creating vignettes ... ERROR --- re-building ‘UsingBSgenomeForge.Rmd’ using rmarkdown Error: processing vignette 'UsingBSgenomeForge.Rmd' failed with diagnostics: Scanner error: mapping values are not allowed in this context at line 13, column 18 --- failed re-building ‘UsingBSgenomeForge.Rmd’ SUMMARY: processing the following file failed: ‘UsingBSgenomeForge.Rmd’ Error: Vignette re-building failed. Execution halted