############################################################################## ############################################################################## ### ### Running command: ### ### /home/biocbuild/bbs-3.17-bioc/R/bin/R CMD build --keep-empty-dirs --no-resave-data LowMACA ### ############################################################################## ############################################################################## * checking for file ‘LowMACA/DESCRIPTION’ ... OK * preparing ‘LowMACA’: * checking DESCRIPTION meta-information ... OK * installing the package to build vignettes * creating vignettes ... ERROR --- re-building ‘LowMACA.Rmd’ using rmarkdown JobId: clustalo-R20230412-081227-0799-12583451-p2m QUEUED http status: 400 Bad Request Job 'clustalo-R20230412-081227-0799-12583451-p2m' is still queued at /tmp/RtmprDw8hO/Rinst3e575c3fcf6a8/LowMACA/clustalo_lwp.pl line 262. Quitting from lines 159-160 (LowMACA.Rmd) Error: processing vignette 'LowMACA.Rmd' failed with diagnostics: Alignment with ClustalOmega had non 0 exit status: --- failed re-building ‘LowMACA.Rmd’ SUMMARY: processing the following file failed: ‘LowMACA.Rmd’ Error: Vignette re-building failed. Execution halted