############################################################################## ############################################################################## ### ### Running command: ### ### chmod a+r katdetectr -R && F:\biocbuild\bbs-3.17-bioc\R\bin\R.exe CMD build --keep-empty-dirs --no-resave-data katdetectr ### ############################################################################## ############################################################################## * checking for file 'katdetectr/DESCRIPTION' ... OK * preparing 'katdetectr': * checking DESCRIPTION meta-information ... OK * installing the package to build vignettes * creating vignettes ... ERROR --- re-building 'General_overview.Rmd' using rmarkdown Quitting from lines 127-134 (General_overview.Rmd) Error: processing vignette 'General_overview.Rmd' failed with diagnostics: Transformation for secondary axes must be monotonic --- failed re-building 'General_overview.Rmd' SUMMARY: processing the following file failed: 'General_overview.Rmd' Error: Vignette re-building failed. Execution halted