############################################################################## ############################################################################## ### ### Running command: ### ### /Library/Frameworks/R.framework/Resources/bin/R CMD build --keep-empty-dirs --no-resave-data SingleMoleculeFootprinting ### ############################################################################## ############################################################################## * checking for file ‘SingleMoleculeFootprinting/DESCRIPTION’ ... OK * preparing ‘SingleMoleculeFootprinting’: * checking DESCRIPTION meta-information ... OK * installing the package to build vignettes * creating vignettes ... ERROR --- re-building ‘SingleMoleculeFootprinting.Rmd’ using rmarkdown Quitting from lines 101-103 [unnamed-chunk-5] (SingleMoleculeFootprinting.Rmd) Error: processing vignette 'SingleMoleculeFootprinting.Rmd' failed with diagnostics: bad value --- failed re-building ‘SingleMoleculeFootprinting.Rmd’ SUMMARY: processing the following file failed: ‘SingleMoleculeFootprinting.Rmd’ Error: Vignette re-building failed. Execution halted