############################################################################## ############################################################################## ### ### Running command: ### ### /Library/Frameworks/R.framework/Resources/bin/R CMD build --keep-empty-dirs --no-resave-data ISAnalytics ### ############################################################################## ############################################################################## * checking for file ‘ISAnalytics/DESCRIPTION’ ... OK * preparing ‘ISAnalytics’: * checking DESCRIPTION meta-information ... OK * installing the package to build vignettes * creating vignettes ... ERROR --- re-building ‘ISAnalytics.Rmd’ using rmarkdown --- finished re-building ‘ISAnalytics.Rmd’ --- re-building ‘workflow_start.Rmd’ using rmarkdown Quitting from lines 1102-1115 (workflow_start.Rmd) Error: processing vignette 'workflow_start.Rmd' failed with diagnostics: bad value of n --- failed re-building ‘workflow_start.Rmd’ SUMMARY: processing the following file failed: ‘workflow_start.Rmd’ Error: Vignette re-building failed. Execution halted