| Back to Build/check report for BioC 3.11 experimental data |
This page was generated on 2020-10-15 20:45:59 -0400 (Thu, 15 Oct 2020).
| TO THE DEVELOPERS/MAINTAINERS OF THE RnBeads.hg19 PACKAGE: Please make sure to use the following settings in order to reproduce any error or warning you see on this page. |
| Package 309/391 | Hostname | OS / Arch | INSTALL | BUILD | CHECK | ||||||
| RnBeads.hg19 1.20.0 RnBeadsAnnotationCreator
| malbec2 | Linux (Ubuntu 18.04.4 LTS) / x86_64 | OK | OK | [ WARNINGS ] |
| Package: RnBeads.hg19 |
| Version: 1.20.0 |
| Command: /home/biocbuild/bbs-3.11-bioc/R/bin/R CMD check --install=check:RnBeads.hg19.install-out.txt --library=/home/biocbuild/bbs-3.11-bioc/R/library --no-vignettes --timings RnBeads.hg19_1.20.0.tar.gz |
| StartedAt: 2020-10-15 14:02:39 -0400 (Thu, 15 Oct 2020) |
| EndedAt: 2020-10-15 14:05:15 -0400 (Thu, 15 Oct 2020) |
| EllapsedTime: 155.4 seconds |
| RetCode: 0 |
| Status: WARNINGS |
| CheckDir: RnBeads.hg19.Rcheck |
| Warnings: 1 |
##############################################################################
##############################################################################
###
### Running command:
###
### /home/biocbuild/bbs-3.11-bioc/R/bin/R CMD check --install=check:RnBeads.hg19.install-out.txt --library=/home/biocbuild/bbs-3.11-bioc/R/library --no-vignettes --timings RnBeads.hg19_1.20.0.tar.gz
###
##############################################################################
##############################################################################
* using log directory ‘/home/biocbuild/bbs-3.11-data-experiment/meat/RnBeads.hg19.Rcheck’
* using R version 4.0.3 (2020-10-10)
* using platform: x86_64-pc-linux-gnu (64-bit)
* using session charset: UTF-8
* using option ‘--no-vignettes’
* checking for file ‘RnBeads.hg19/DESCRIPTION’ ... OK
* this is package ‘RnBeads.hg19’ version ‘1.20.0’
* checking package namespace information ... OK
* checking package dependencies ... OK
* checking if this is a source package ... OK
* checking if there is a namespace ... OK
* checking for hidden files and directories ... OK
* checking for portable file names ... OK
* checking for sufficient/correct file permissions ... OK
* checking whether package ‘RnBeads.hg19’ can be installed ... OK
* checking installed package size ... NOTE
installed size is 100.4Mb
sub-directories of 1Mb or more:
data 89.2Mb
extdata 11.1Mb
* checking package directory ... OK
* checking DESCRIPTION meta-information ... OK
* checking top-level files ... OK
* checking for left-over files ... OK
* checking index information ... OK
* checking package subdirectories ... OK
* checking R files for non-ASCII characters ... OK
* checking R files for syntax errors ... OK
* checking whether the package can be loaded ... OK
* checking whether the package can be loaded with stated dependencies ... OK
* checking whether the package can be unloaded cleanly ... OK
* checking whether the namespace can be loaded with stated dependencies ... OK
* checking whether the namespace can be unloaded cleanly ... OK
* checking dependencies in R code ... NOTE
Package in Depends field not imported from: ‘GenomicRanges’
These packages need to be imported from (in the NAMESPACE file)
for when this namespace is loaded but not attached.
* checking S3 generic/method consistency ... OK
* checking replacement functions ... OK
* checking foreign function calls ... OK
* checking R code for possible problems ... OK
* checking Rd files ... OK
* checking Rd metadata ... OK
* checking Rd cross-references ... OK
* checking for missing documentation entries ... OK
* checking for code/documentation mismatches ... OK
* checking Rd \usage sections ... OK
* checking Rd contents ... OK
* checking for unstated dependencies in examples ... OK
* checking contents of ‘data’ directory ... OK
* checking data for non-ASCII characters ... WARNING
Failed with error: 'package 'TxDb.Hsapiens.UCSC.hg19.knownGene' could not be loaded'
Error loading dataset 'rnb.set.example':
Error in .requirePackage(package) :
unable to find required package 'RnBeads'
The dataset(s) may use package(s) not declared in the DESCRIPTION file.
* checking data for ASCII and uncompressed saves ... OK
* checking examples ... NONE
* checking PDF version of manual ... OK
* DONE
Status: 1 WARNING, 2 NOTEs
See
‘/home/biocbuild/bbs-3.11-data-experiment/meat/RnBeads.hg19.Rcheck/00check.log’
for details.
RnBeads.hg19.Rcheck/00install.out
############################################################################## ############################################################################## ### ### Running command: ### ### /home/biocbuild/bbs-3.11-bioc/R/bin/R CMD INSTALL RnBeads.hg19 ### ############################################################################## ############################################################################## * installing to library ‘/home/biocbuild/bbs-3.11-bioc/R/library’ * installing *source* package ‘RnBeads.hg19’ ... ** using staged installation ** R ** data ** inst ** byte-compile and prepare package for lazy loading ** help *** installing help indices ** building package indices ** testing if installed package can be loaded from temporary location ** testing if installed package can be loaded from final location ** testing if installed package keeps a record of temporary installation path * DONE (RnBeads.hg19)