Back to Multiple platform build/check report
| Package: pgUtils |
| Version: 1.4.0 |
| Command: D:\biocbld\R-2.3.0\bin\R.exe CMD check pgUtils_1.4.0.tar.gz |
| RetCode: 1 |
| Time: 6.5 seconds |
| Status: ERROR |
| CheckDir: pgUtils.Rcheck |
| Warnings: NA |
* checking for working latex ... OK * using log directory 'D:/biocbld/work-area/1.8d/madman/Rpacks/pgUtils.Rcheck' * using Version 2.3.0 (2006-04-24) * checking for file 'pgUtils/DESCRIPTION' ... OK * this is package 'pgUtils' version '1.4.0' * checking package dependencies ... ERROR Packages required but not available: RdbiPgSQL