CRAN Package Check Results for Package xplain

Last updated on 2025-11-10 11:49:28 CET.

Flavor Version Tinstall Tcheck Ttotal Status Flags
r-devel-linux-x86_64-debian-clang 0.2.2 2.65 23.43 26.08 OK
r-devel-linux-x86_64-debian-gcc 0.2.2 1.78 19.17 20.95 OK
r-devel-linux-x86_64-fedora-clang 0.2.2 17.00 23.87 40.87 NOTE
r-devel-linux-x86_64-fedora-gcc 0.2.2 36.53 NOTE
r-devel-windows-x86_64 0.2.2 4.00 40.00 44.00 OK
r-patched-linux-x86_64 0.2.2 2.42 22.28 24.70 OK
r-release-linux-x86_64 0.2.2 2.53 21.97 24.50 OK
r-release-macos-arm64 0.2.2 1.00 16.00 17.00 OK
r-release-macos-x86_64 0.2.2 3.00 27.00 30.00 OK
r-release-windows-x86_64 0.2.2 5.00 40.00 45.00 OK
r-oldrel-macos-arm64 0.2.2 1.00 16.00 17.00 NOTE
r-oldrel-macos-x86_64 0.2.2 2.00 21.00 23.00 NOTE
r-oldrel-windows-x86_64 0.2.2 5.00 46.00 51.00 NOTE

Check Details

Version: 0.2.2
Check: dependencies in R code
Result: NOTE Namespace in Imports field not imported from: ‘RCurl’ All declared Imports should be used. Flavors: r-devel-linux-x86_64-fedora-clang, r-devel-linux-x86_64-fedora-gcc

Version: 0.2.2
Check: LazyData
Result: NOTE 'LazyData' is specified without a 'data' directory Flavors: r-oldrel-macos-arm64, r-oldrel-macos-x86_64, r-oldrel-windows-x86_64