Last updated on 2025-11-09 09:48:58 CET.
| Flavor | Version | Tinstall | Tcheck | Ttotal | Status | Flags |
|---|---|---|---|---|---|---|
| r-devel-linux-x86_64-debian-clang | 0.5.1 | 55.12 | 99.66 | 154.78 | OK | |
| r-devel-linux-x86_64-debian-gcc | 0.5.1 | 38.24 | 75.23 | 113.47 | OK | |
| r-devel-linux-x86_64-fedora-clang | 0.5.1 | 103.00 | 174.13 | 277.13 | OK | |
| r-devel-linux-x86_64-fedora-gcc | 0.5.1 | 140.00 | 117.08 | 257.08 | OK | |
| r-devel-windows-x86_64 | 0.5.1 | 67.00 | 127.00 | 194.00 | OK | |
| r-patched-linux-x86_64 | 0.5.1 | 57.27 | 97.77 | 155.04 | OK | |
| r-release-linux-x86_64 | 0.5.1 | 58.01 | 96.15 | 154.16 | OK | |
| r-release-macos-arm64 | 0.5.1 | 29.00 | 49.00 | 78.00 | OK | |
| r-release-macos-x86_64 | 0.5.1 | 23.00 | 74.00 | 97.00 | OK | |
| r-release-windows-x86_64 | 0.5.1 | 64.00 | 128.00 | 192.00 | OK | |
| r-oldrel-macos-arm64 | 0.5.1 | 25.00 | 50.00 | 75.00 | NOTE | |
| r-oldrel-macos-x86_64 | 0.5.1 | 22.00 | 75.00 | 97.00 | NOTE | |
| r-oldrel-windows-x86_64 | 0.5.1 | 81.00 | 162.00 | 243.00 | OK |
Version: 0.5.1
Check: installed package size
Result: NOTE
installed size is 6.7Mb
sub-directories of 1Mb or more:
data 3.8Mb
libs 2.7Mb
Flavors: r-oldrel-macos-arm64, r-oldrel-macos-x86_64