Last updated on 2025-11-25 11:52:10 CET.
| Flavor | Version | Tinstall | Tcheck | Ttotal | Status | Flags |
|---|---|---|---|---|---|---|
| r-devel-linux-x86_64-debian-clang | 0.7.0 | 6.54 | 63.50 | 70.04 | NOTE | |
| r-devel-linux-x86_64-debian-gcc | 0.7.0 | 4.59 | 49.40 | 53.99 | NOTE | |
| r-devel-linux-x86_64-fedora-clang | 0.7.0 | 31.00 | 79.30 | 110.30 | NOTE | |
| r-devel-linux-x86_64-fedora-gcc | 0.7.0 | 13.00 | 101.41 | 114.41 | NOTE | |
| r-devel-windows-x86_64 | 0.7.0 | 13.00 | 76.00 | 89.00 | NOTE | |
| r-patched-linux-x86_64 | 0.7.0 | 6.17 | 60.12 | 66.29 | NOTE | |
| r-release-linux-x86_64 | 0.7.0 | 6.68 | 59.41 | 66.09 | NOTE | |
| r-release-macos-arm64 | 0.7.0 | NOTE | ||||
| r-release-macos-x86_64 | 0.7.0 | 6.00 | 75.00 | 81.00 | NOTE | |
| r-release-windows-x86_64 | 0.7.0 | 8.00 | 82.00 | 90.00 | NOTE | |
| r-oldrel-macos-arm64 | 0.7.0 | NOTE | ||||
| r-oldrel-macos-x86_64 | 0.7.0 | 4.00 | 59.00 | 63.00 | NOTE | |
| r-oldrel-windows-x86_64 | 0.7.0 | 11.00 | 95.00 | 106.00 | NOTE |
Version: 0.7.0
Check: Rd files
Result: NOTE
checkRd: (-1) milakes.Rd:10: Lost braces in \itemize; meant \describe ?
checkRd: (-1) milakes.Rd:11: Lost braces in \itemize; meant \describe ?
checkRd: (-1) milakes.Rd:12: Lost braces in \itemize; meant \describe ?
checkRd: (-1) milakes.Rd:13: Lost braces in \itemize; meant \describe ?
checkRd: (-1) milakes.Rd:14: Lost braces in \itemize; meant \describe ?
checkRd: (-1) milakes.Rd:15: Lost braces in \itemize; meant \describe ?
checkRd: (-1) milakes.Rd:16: Lost braces in \itemize; meant \describe ?
checkRd: (-1) milakes.Rd:17: Lost braces in \itemize; meant \describe ?
checkRd: (-1) milakes.Rd:18: Lost braces in \itemize; meant \describe ?
checkRd: (-1) milakes.Rd:19: Lost braces in \itemize; meant \describe ?
checkRd: (-1) milakes.Rd:20: Lost braces in \itemize; meant \describe ?
checkRd: (-1) milakes.Rd:21: Lost braces in \itemize; meant \describe ?
checkRd: (-1) milakes.Rd:22: Lost braces in \itemize; meant \describe ?
Flavors: r-devel-linux-x86_64-debian-clang, r-devel-linux-x86_64-debian-gcc, r-devel-linux-x86_64-fedora-clang, r-devel-linux-x86_64-fedora-gcc, r-devel-windows-x86_64, r-patched-linux-x86_64, r-release-linux-x86_64, r-release-macos-arm64, r-release-macos-x86_64, r-release-windows-x86_64, r-oldrel-macos-arm64, r-oldrel-macos-x86_64, r-oldrel-windows-x86_64