Last updated on 2025-10-30 09:50:06 CET.
| Flavor | Version | Tinstall | Tcheck | Ttotal | Status | Flags | 
|---|---|---|---|---|---|---|
| r-devel-linux-x86_64-debian-clang | 0.25 | 3.36 | 31.24 | 34.60 | NOTE | |
| r-devel-linux-x86_64-debian-gcc | 0.25 | 2.09 | 22.67 | 24.76 | NOTE | |
| r-devel-linux-x86_64-fedora-clang | 0.25 | 50.73 | OK | |||
| r-devel-linux-x86_64-fedora-gcc | 0.25 | 48.87 | OK | |||
| r-devel-windows-x86_64 | 0.25 | 5.00 | 47.00 | 52.00 | OK | |
| r-patched-linux-x86_64 | 0.25 | 3.55 | 29.50 | 33.05 | OK | |
| r-release-linux-x86_64 | 0.25 | 2.94 | 29.24 | 32.18 | OK | |
| r-release-macos-arm64 | 0.25 | 1.00 | 17.00 | 18.00 | OK | |
| r-release-macos-x86_64 | 0.25 | 3.00 | 35.00 | 38.00 | OK | |
| r-release-windows-x86_64 | 0.25 | 5.00 | 55.00 | 60.00 | OK | |
| r-oldrel-macos-arm64 | 0.25 | 1.00 | 16.00 | 17.00 | OK | |
| r-oldrel-macos-x86_64 | 0.25 | 3.00 | 27.00 | 30.00 | OK | |
| r-oldrel-windows-x86_64 | 0.25 | 4.00 | 48.00 | 52.00 | OK | 
Version: 0.25
Check: CRAN incoming feasibility
Result: NOTE
  Maintainer: ‘William Asquith <william.asquith@ttu.edu>’
  
  No Authors@R field in DESCRIPTION.
  Please add one, modifying
    Authors@R: person(given = "William",
                      family = "Asquith",
                      role = c("aut", "cre"),
                      email = "william.asquith@ttu.edu")
  as necessary.
  
  Package CITATION file contains call(s) to old-style personList() or
  as.personList().  Please use c() on person objects instead.
  Package CITATION file contains call(s) to old-style citEntry().  Please
  use bibentry() instead.
Flavors: r-devel-linux-x86_64-debian-clang, r-devel-linux-x86_64-debian-gcc