Last updated on 2025-10-22 09:50:58 CEST.
Flavor | Version | Tinstall | Tcheck | Ttotal | Status | Flags |
---|---|---|---|---|---|---|
r-devel-linux-x86_64-debian-clang | 1.4.0 | 43.65 | 58.07 | 101.72 | NOTE | |
r-devel-linux-x86_64-debian-gcc | 1.4.0 | 33.37 | 42.45 | 75.82 | NOTE | |
r-devel-linux-x86_64-fedora-clang | 1.4.0 | 214.00 | -50.93 | 163.07 | OK | |
r-devel-linux-x86_64-fedora-gcc | 1.4.0 | 114.00 | 54.92 | 168.92 | OK | |
r-devel-windows-x86_64 | 1.4.0 | 114.00 | 89.00 | 203.00 | OK | |
r-patched-linux-x86_64 | 1.4.0 | 46.59 | 54.26 | 100.85 | OK | |
r-release-linux-x86_64 | 1.4.0 | 45.70 | 54.99 | 100.69 | OK | |
r-release-macos-arm64 | 1.4.0 | 25.00 | 34.00 | 59.00 | OK | |
r-release-macos-x86_64 | 1.4.0 | 22.00 | 63.00 | 85.00 | OK | |
r-release-windows-x86_64 | 1.4.0 | 94.00 | 92.00 | 186.00 | OK | |
r-oldrel-macos-arm64 | 1.4.0 | 22.00 | 39.00 | 61.00 | OK | |
r-oldrel-macos-x86_64 | 1.4.0 | 20.00 | 69.00 | 89.00 | OK | |
r-oldrel-windows-x86_64 | 1.4.0 | 91.00 | 108.00 | 199.00 | OK |
Version: 1.4.0
Check: HTML version of manual
Result: NOTE
Found the following HTML validation problems:
glossary.html:159:1 (glossary.Rd:100): Warning: missing </ul> before </div>
how-to.html:690:1 (how-to.Rd:673): Warning: missing </ul> before </div>
introduction.html:242:1 (introduction.Rd:154): Warning: missing </ul> before </div>
Flavors: r-devel-linux-x86_64-debian-clang, r-devel-linux-x86_64-debian-gcc