Last updated on 2025-11-16 10:50:01 CET.
| Flavor | Version | Tinstall | Tcheck | Ttotal | Status | Flags |
|---|---|---|---|---|---|---|
| r-devel-linux-x86_64-debian-clang | 0.1.0 | 1.94 | 27.04 | 28.98 | NOTE | |
| r-devel-linux-x86_64-debian-gcc | 0.1.0 | 1.49 | 22.73 | 24.22 | NOTE | |
| r-devel-linux-x86_64-fedora-clang | 0.1.0 | 44.28 | NOTE | |||
| r-devel-linux-x86_64-fedora-gcc | 0.1.0 | 61.85 | NOTE | |||
| r-devel-windows-x86_64 | 0.1.0 | 8.00 | 44.00 | 52.00 | OK | |
| r-patched-linux-x86_64 | 0.1.0 | 1.85 | 25.63 | 27.48 | OK | |
| r-release-linux-x86_64 | 0.1.0 | 1.96 | 26.08 | 28.04 | OK | |
| r-release-macos-arm64 | 0.1.0 | 1.00 | 21.00 | 22.00 | OK | |
| r-release-macos-x86_64 | 0.1.0 | 2.00 | 39.00 | 41.00 | OK | |
| r-release-windows-x86_64 | 0.1.0 | 4.00 | 45.00 | 49.00 | OK | |
| r-oldrel-macos-arm64 | 0.1.0 | 1.00 | 21.00 | 22.00 | OK | |
| r-oldrel-macos-x86_64 | 0.1.0 | 1.00 | 33.00 | 34.00 | OK | |
| r-oldrel-windows-x86_64 | 0.1.0 | 4.00 | 50.00 | 54.00 | OK |
Version: 0.1.0
Check: CRAN incoming feasibility
Result: NOTE
Maintainer: ‘Harvinder Singh <harvindermaan4@gmail.com>’
No Authors@R field in DESCRIPTION.
Please add one, modifying
Authors@R: person(given = "Harvinder",
family = "Singh",
role = c("aut", "cre"),
email = "harvindermaan4@gmail.com")
as necessary.
Flavors: r-devel-linux-x86_64-debian-clang, r-devel-linux-x86_64-debian-gcc
Version: 0.1.0
Check: dependencies in R code
Result: NOTE
Namespace in Imports field not imported from: ‘flextable’
All declared Imports should be used.
Flavors: r-devel-linux-x86_64-fedora-clang, r-devel-linux-x86_64-fedora-gcc