Last updated on 2025-10-21 09:48:52 CEST.
Flavor | Version | Tinstall | Tcheck | Ttotal | Status | Flags |
---|---|---|---|---|---|---|
r-devel-linux-x86_64-debian-clang | 1.0.10 | 515.96 | 257.63 | 773.59 | OK | |
r-devel-linux-x86_64-debian-gcc | 1.0.10 | 471.90 | 228.92 | 700.82 | NOTE | |
r-devel-linux-x86_64-fedora-clang | 1.0.10 | 1287.66 | OK | |||
r-devel-linux-x86_64-fedora-gcc | 1.0.10 | 1574.85 | OK | |||
r-devel-windows-x86_64 | 1.0.10 | 582.00 | 299.00 | 881.00 | OK | |
r-patched-linux-x86_64 | 1.0.10 | 595.86 | 307.40 | 903.26 | OK | |
r-release-linux-x86_64 | 1.0.10 | 591.94 | 304.76 | 896.70 | OK | |
r-release-macos-arm64 | 1.0.10 | 304.00 | OK | |||
r-release-macos-x86_64 | 1.0.10 | 373.00 | OK | |||
r-release-windows-x86_64 | 1.0.10 | 550.00 | 307.00 | 857.00 | OK | |
r-oldrel-macos-arm64 | 1.0.10 | 167.00 | NOTE | |||
r-oldrel-macos-x86_64 | 1.0.10 | 190.00 | NOTE | |||
r-oldrel-windows-x86_64 | 1.0.10 | 648.00 | 401.00 | 1049.00 | NOTE |
Version: 1.0.10
Check: HTML version of manual
Result: NOTE
Found the following HTML validation problems:
plot_coefs.html:74:1 (plot_coefs.Rd:27): Warning: missing </ul> before </div>
plot_fit.html:58:1 (plot_fit.Rd:16): Warning: missing </ul> before </div>
print.walker_fit.html:52:1 (print.walker_fit.Rd:12): Warning: missing </ul> before </div>
rw1.html:68:1 (rw1.Rd:24): Warning: missing </ul> before </div>
rw2.html:74:1 (rw2.Rd:28): Warning: missing </ul> before </div>
summary.walker_fit.html:55:1 (summary.walker_fit.Rd:14): Warning: missing </ul> before </div>
Flavor: r-devel-linux-x86_64-debian-gcc
Version: 1.0.10
Check: installed package size
Result: NOTE
installed size is 115.6Mb
sub-directories of 1Mb or more:
libs 114.2Mb
Flavors: r-oldrel-macos-arm64, r-oldrel-macos-x86_64, r-oldrel-windows-x86_64
Version: 1.0.10
Check: for GNU extensions in Makefiles
Result: NOTE
GNU make is a SystemRequirements.
Flavors: r-oldrel-macos-arm64, r-oldrel-macos-x86_64