Last updated on 2025-10-30 09:50:06 CET.
| Flavor | Version | Tinstall | Tcheck | Ttotal | Status | Flags | 
|---|---|---|---|---|---|---|
| r-devel-linux-x86_64-debian-clang | 0.2.8 | 2.39 | 33.32 | 35.71 | NOTE | |
| r-devel-linux-x86_64-debian-gcc | 0.2.8 | 1.93 | 27.04 | 28.97 | NOTE | |
| r-devel-linux-x86_64-fedora-clang | 0.2.8 | 52.64 | NOTE | |||
| r-devel-linux-x86_64-fedora-gcc | 0.2.8 | 52.98 | NOTE | |||
| r-devel-windows-x86_64 | 0.2.8 | 3.00 | 57.00 | 60.00 | OK | |
| r-patched-linux-x86_64 | 0.2.8 | 2.52 | 33.09 | 35.61 | OK | |
| r-release-linux-x86_64 | 0.2.8 | 2.37 | 32.57 | 34.94 | OK | |
| r-release-macos-arm64 | 0.2.8 | 2.00 | 23.00 | 25.00 | OK | |
| r-release-macos-x86_64 | 0.2.8 | 2.00 | 45.00 | 47.00 | OK | |
| r-release-windows-x86_64 | 0.2.8 | 4.00 | 59.00 | 63.00 | OK | |
| r-oldrel-macos-arm64 | 0.2.8 | 1.00 | 24.00 | 25.00 | OK | |
| r-oldrel-macos-x86_64 | 0.2.8 | 2.00 | 37.00 | 39.00 | OK | |
| r-oldrel-windows-x86_64 | 0.2.8 | 6.00 | 65.00 | 71.00 | OK | 
Version: 0.2.8
Check: CRAN incoming feasibility
Result: NOTE
  Maintainer: ‘Robert W. Cort <rcorty@gmail.com>’
  
  No Authors@R field in DESCRIPTION.
  Please add one, modifying
    Authors@R: person(given = c("Robert", "W."),
                      family = "Cort",
                      role = c("aut", "cre"),
                      email = "rcorty@gmail.com")
  as necessary.
Flavors: r-devel-linux-x86_64-debian-clang, r-devel-linux-x86_64-debian-gcc
Version: 0.2.8
Check: dependencies in R code
Result: NOTE
  Namespace in Imports field not imported from: ‘MASS’
    All declared Imports should be used.
Flavors: r-devel-linux-x86_64-fedora-clang, r-devel-linux-x86_64-fedora-gcc