Last updated on 2025-10-21 09:48:52 CEST.
Flavor | Version | Tinstall | Tcheck | Ttotal | Status | Flags |
---|---|---|---|---|---|---|
r-devel-linux-x86_64-debian-clang | 0.2.4 | 3.77 | 79.62 | 83.39 | OK | |
r-devel-linux-x86_64-debian-gcc | 0.2.4 | 2.81 | 54.95 | 57.76 | NOTE | |
r-devel-linux-x86_64-fedora-clang | 0.2.4 | 138.63 | OK | |||
r-devel-linux-x86_64-fedora-gcc | 0.2.4 | 135.68 | OK | |||
r-devel-windows-x86_64 | 0.2.4 | 4.00 | 96.00 | 100.00 | OK | |
r-patched-linux-x86_64 | 0.2.4 | 4.74 | 74.05 | 78.79 | OK | |
r-release-linux-x86_64 | 0.2.4 | 3.55 | 73.79 | 77.34 | OK | |
r-release-macos-arm64 | 0.2.4 | 48.00 | OK | |||
r-release-macos-x86_64 | 0.2.4 | 104.00 | OK | |||
r-release-windows-x86_64 | 0.2.4 | 5.00 | 98.00 | 103.00 | OK | |
r-oldrel-macos-arm64 | 0.2.4 | 41.00 | OK | |||
r-oldrel-macos-x86_64 | 0.2.4 | 68.00 | OK | |||
r-oldrel-windows-x86_64 | 0.2.4 | 7.00 | 116.00 | 123.00 | OK |
Version: 0.2.4
Check: HTML version of manual
Result: NOTE
Found the following HTML validation problems:
create_if_not.html:50:1 (create_if_not.Rd:12): Warning: missing </ul> before </div>
set_script_defaults.html:50:1 (set_script_defaults.Rd:12): Warning: missing </ul> before </div>
Flavor: r-devel-linux-x86_64-debian-gcc