CRAN Package Check Results for Package uncertainty

Last updated on 2025-11-12 10:53:00 CET.

Flavor Version Tinstall Tcheck Ttotal Status Flags
r-devel-linux-x86_64-debian-clang 0.2.0 2.94 29.59 32.53 NOTE
r-devel-linux-x86_64-debian-gcc 0.2.0 2.29 23.29 25.58 NOTE
r-devel-linux-x86_64-fedora-clang 0.2.0 49.39 OK
r-devel-linux-x86_64-fedora-gcc 0.2.0 47.13 OK
r-devel-windows-x86_64 0.2.0 6.00 48.00 54.00 OK
r-patched-linux-x86_64 0.2.0 3.26 28.50 31.76 OK
r-release-linux-x86_64 0.2.0 3.16 28.44 31.60 OK
r-release-macos-arm64 0.2.0 1.00 18.00 19.00 OK
r-release-macos-x86_64 0.2.0 2.00 31.00 33.00 OK
r-release-windows-x86_64 0.2.0 4.00 49.00 53.00 OK
r-oldrel-macos-arm64 0.2.0 2.00 17.00 19.00 OK
r-oldrel-macos-x86_64 0.2.0 2.00 25.00 27.00 OK
r-oldrel-windows-x86_64 0.2.0 4.00 55.00 59.00 OK

Check Details

Version: 0.2.0
Check: CRAN incoming feasibility
Result: NOTE Maintainer: ‘Hugo Gasca-Aragon <hugo_gasca_aragon@hotmail.com>’ No Authors@R field in DESCRIPTION. Please add one, modifying Authors@R: person(given = "Hugo", family = "Gasca-Aragon", role = c("aut", "cre"), email = "hugo_gasca_aragon@hotmail.com") as necessary. Flavors: r-devel-linux-x86_64-debian-clang, r-devel-linux-x86_64-debian-gcc