Last updated on 2025-11-21 09:49:20 CET.
| Flavor | Version | Tinstall | Tcheck | Ttotal | Status | Flags |
|---|---|---|---|---|---|---|
| r-devel-linux-x86_64-debian-clang | 0.2.0 | 575.60 | 272.29 | 847.89 | OK | |
| r-devel-linux-x86_64-debian-gcc | 0.2.0 | 463.30 | 225.21 | 688.51 | OK | |
| r-devel-linux-x86_64-fedora-clang | 0.2.0 | 1140.00 | 141.20 | 1281.20 | OK | |
| r-devel-linux-x86_64-fedora-gcc | 0.2.0 | 1440.00 | 150.00 | 1590.00 | OK | |
| r-devel-windows-x86_64 | 0.2.0 | 559.00 | 371.00 | 930.00 | OK | |
| r-patched-linux-x86_64 | 0.2.0 | 617.10 | 312.78 | 929.88 | OK | |
| r-release-linux-x86_64 | 0.2.0 | 582.67 | 315.72 | 898.39 | OK | |
| r-release-macos-arm64 | 0.2.0 | OK | ||||
| r-release-macos-x86_64 | 0.2.0 | 168.00 | 123.00 | 291.00 | OK | |
| r-release-windows-x86_64 | 0.2.0 | 538.00 | 355.00 | 893.00 | OK | |
| r-oldrel-macos-arm64 | 0.2.0 | NOTE | ||||
| r-oldrel-macos-x86_64 | 0.2.0 | 153.00 | 141.00 | 294.00 | NOTE | |
| r-oldrel-windows-x86_64 | 0.2.0 | 638.00 | 485.00 | 1123.00 | NOTE |
Version: 0.2.0
Check: installed package size
Result: NOTE
installed size is 109.0Mb
sub-directories of 1Mb or more:
libs 107.9Mb
Flavors: r-oldrel-macos-arm64, r-oldrel-macos-x86_64, r-oldrel-windows-x86_64
Version: 0.2.0
Check: for GNU extensions in Makefiles
Result: NOTE
GNU make is a SystemRequirements.
Flavors: r-oldrel-macos-arm64, r-oldrel-macos-x86_64