Last updated on 2025-11-18 09:48:51 CET.
| Flavor | Version | Tinstall | Tcheck | Ttotal | Status | Flags |
|---|---|---|---|---|---|---|
| r-devel-linux-x86_64-debian-clang | 0.2.1 | 321.33 | 139.95 | 461.28 | OK | |
| r-devel-linux-x86_64-debian-gcc | 0.2.2 | 227.09 | 126.46 | 353.55 | OK | |
| r-devel-linux-x86_64-fedora-clang | 0.2.2 | 271.00 | 474.70 | 745.70 | OK | |
| r-devel-linux-x86_64-fedora-gcc | 0.2.2 | 142.00 | 686.63 | 828.63 | OK | |
| r-devel-windows-x86_64 | 0.2.1 | 231.00 | 179.00 | 410.00 | OK | |
| r-patched-linux-x86_64 | 0.2.1 | 279.09 | 136.13 | 415.22 | OK | |
| r-release-linux-x86_64 | 0.2.1 | 270.91 | 136.79 | 407.70 | OK | |
| r-release-macos-arm64 | 0.2.1 | 112.00 | 92.00 | 204.00 | OK | |
| r-release-macos-x86_64 | 0.2.2 | 90.00 | 194.00 | 284.00 | OK | |
| r-release-windows-x86_64 | 0.2.1 | 215.00 | 174.00 | 389.00 | OK | |
| r-oldrel-macos-arm64 | 0.2.1 | 104.00 | 94.00 | 198.00 | NOTE | |
| r-oldrel-macos-x86_64 | 0.2.2 | 90.00 | 229.00 | 319.00 | NOTE | |
| r-oldrel-windows-x86_64 | 0.2.1 | 212.00 | 232.00 | 444.00 | OK |
Version: 0.2.1
Check: installed package size
Result: NOTE
installed size is 34.3Mb
sub-directories of 1Mb or more:
libs 33.4Mb
Flavor: r-oldrel-macos-arm64
Version: 0.2.2
Check: installed package size
Result: NOTE
installed size is 26.6Mb
sub-directories of 1Mb or more:
libs 25.6Mb
Flavor: r-oldrel-macos-x86_64