Last updated on 2025-11-22 09:50:09 CET.
| Flavor | Version | Tinstall | Tcheck | Ttotal | Status | Flags |
|---|---|---|---|---|---|---|
| r-devel-linux-x86_64-debian-clang | 0.1.0 | 2.65 | 41.19 | 43.84 | OK | |
| r-devel-linux-x86_64-debian-gcc | 0.1.0 | 1.85 | 32.94 | 34.79 | OK | |
| r-devel-linux-x86_64-fedora-clang | 0.1.0 | 65.09 | OK | |||
| r-devel-linux-x86_64-fedora-gcc | 0.1.0 | 76.08 | OK | |||
| r-devel-windows-x86_64 | 0.1.0 | 6.00 | 116.00 | 122.00 | OK | |
| r-patched-linux-x86_64 | 0.1.0 | 2.74 | 39.10 | 41.84 | OK | |
| r-release-linux-x86_64 | 0.1.0 | 2.52 | 39.18 | 41.70 | OK | |
| r-release-macos-arm64 | 0.1.0 | OK | ||||
| r-release-macos-x86_64 | 0.1.0 | 2.00 | 51.00 | 53.00 | OK | |
| r-release-windows-x86_64 | 0.1.0 | 3.00 | 116.00 | 119.00 | OK | |
| r-oldrel-macos-arm64 | 0.1.0 | NOTE | ||||
| r-oldrel-macos-x86_64 | 0.1.0 | 2.00 | 43.00 | 45.00 | NOTE | |
| r-oldrel-windows-x86_64 | 0.1.0 | 4.00 | 103.00 | 107.00 | NOTE |
Version: 0.1.0
Check: LazyData
Result: NOTE
'LazyData' is specified without a 'data' directory
Flavors: r-oldrel-macos-arm64, r-oldrel-macos-x86_64, r-oldrel-windows-x86_64