Last updated on 2025-10-24 09:50:22 CEST.
| Flavor | Version | Tinstall | Tcheck | Ttotal | Status | Flags |
|---|---|---|---|---|---|---|
| r-devel-linux-x86_64-debian-clang | 1.0.2 | 2.96 | 42.28 | 45.24 | NOTE | |
| r-devel-linux-x86_64-debian-gcc | 1.0.2 | 3.12 | 32.00 | 35.12 | OK | |
| r-devel-linux-x86_64-fedora-clang | 1.0.2 | 22.00 | 49.72 | 71.72 | OK | |
| r-devel-linux-x86_64-fedora-gcc | 1.0.2 | 64.16 | OK | |||
| r-devel-windows-x86_64 | 1.0.2 | 6.00 | 60.00 | 66.00 | OK | |
| r-patched-linux-x86_64 | 1.0.2 | 4.65 | 38.15 | 42.80 | OK | |
| r-release-linux-x86_64 | 1.0.2 | 4.43 | 38.88 | 43.31 | OK | |
| r-release-macos-arm64 | 1.0.2 | 2.00 | 28.00 | 30.00 | OK | |
| r-release-macos-x86_64 | 1.0.2 | 4.00 | 34.00 | 38.00 | OK | |
| r-release-windows-x86_64 | 1.0.2 | 6.00 | 61.00 | 67.00 | OK | |
| r-oldrel-macos-arm64 | 1.0.2 | 2.00 | 21.00 | 23.00 | OK | |
| r-oldrel-macos-x86_64 | 1.0.2 | 3.00 | 31.00 | 34.00 | OK | |
| r-oldrel-windows-x86_64 | 1.0.2 | 6.00 | 71.00 | 77.00 | OK |
Version: 1.0.2
Check: HTML version of manual
Result: NOTE
Found the following HTML validation problems:
tip_rr_with_binary.html:89:1 (tip_rr_with_binary.Rd:30): Warning: missing </ul> before </div>
Flavor: r-devel-linux-x86_64-debian-clang