Last updated on 2025-10-22 09:50:55 CEST.
Flavor | Version | Tinstall | Tcheck | Ttotal | Status | Flags |
---|---|---|---|---|---|---|
r-devel-linux-x86_64-debian-clang | 0.3.1 | 12.31 | 259.62 | 271.93 | NOTE | |
r-devel-linux-x86_64-debian-gcc | 0.3.1 | 7.83 | 172.42 | 180.25 | NOTE | |
r-devel-linux-x86_64-fedora-clang | 0.3.1 | 65.00 | 379.87 | 444.87 | OK | |
r-devel-linux-x86_64-fedora-gcc | 0.3.1 | 24.00 | 387.19 | 411.19 | OK | |
r-devel-windows-x86_64 | 0.3.1 | 14.00 | 317.00 | 331.00 | OK | |
r-patched-linux-x86_64 | 0.3.1 | 13.31 | 244.82 | 258.13 | OK | |
r-release-linux-x86_64 | 0.3.1 | 12.33 | 238.63 | 250.96 | OK | |
r-release-macos-arm64 | 0.3.1 | 6.00 | 136.00 | 142.00 | OK | |
r-release-macos-x86_64 | 0.3.1 | 13.00 | 292.00 | 305.00 | OK | |
r-release-windows-x86_64 | 0.3.1 | 16.00 | 318.00 | 334.00 | OK | |
r-oldrel-macos-arm64 | 0.3.1 | 6.00 | 139.00 | 145.00 | OK | |
r-oldrel-macos-x86_64 | 0.3.1 | 9.00 | 183.00 | 192.00 | OK | |
r-oldrel-windows-x86_64 | 0.3.1 | 18.00 | 409.00 | 427.00 | OK |
Version: 0.3.1
Check: HTML version of manual
Result: NOTE
Found the following HTML validation problems:
epred_draws.bartcFit.html:69:1 (epred_draws.bartcFit.Rd:24): Warning: missing </ul> before </div>
epred_draws.stan4bartFit.html:63:1 (epred_draws.stan4bartFit.Rd:18): Warning: missing </ul> before </div>
linpred_draws.bartcFit.html:69:1 (linpred_draws.bartcFit.Rd:24): Warning: missing </ul> before </div>
linpred_draws.stan4bartFit.html:63:1 (linpred_draws.stan4bartFit.Rd:18): Warning: missing </ul> before </div>
predicted_draws.bartcFit.html:69:1 (predicted_draws.bartcFit.Rd:24): Warning: missing </ul> before </div>
predicted_draws.stan4bartFit.html:63:1 (predicted_draws.stan4bartFit.Rd:18): Warning: missing </ul> before </div>
tidy_draws.bartcFit.html:59:1 (tidy_draws.bartcFit.Rd:16): Warning: missing </ul> before </div>
Flavors: r-devel-linux-x86_64-debian-clang, r-devel-linux-x86_64-debian-gcc