Last updated on 2025-11-24 09:50:49 CET.
| Flavor | Version | Tinstall | Tcheck | Ttotal | Status | Flags |
|---|---|---|---|---|---|---|
| r-devel-linux-x86_64-debian-clang | 1.3.1 | 15.49 | 157.13 | 172.62 | WARN | |
| r-devel-linux-x86_64-debian-gcc | 1.3.1 | 11.36 | 110.78 | 122.14 | WARN | |
| r-devel-linux-x86_64-fedora-clang | 1.3.1 | 32.00 | 237.17 | 269.17 | NOTE | |
| r-devel-linux-x86_64-fedora-gcc | 1.3.1 | 79.00 | 209.29 | 288.29 | WARN | |
| r-devel-windows-x86_64 | 1.3.1 | 27.00 | 164.00 | 191.00 | NOTE | |
| r-patched-linux-x86_64 | 1.3.1 | 18.18 | 143.12 | 161.30 | NOTE | |
| r-release-linux-x86_64 | 1.3.1 | 13.89 | 142.14 | 156.03 | NOTE | |
| r-release-macos-arm64 | 1.3.1 | NOTE | ||||
| r-release-macos-x86_64 | 1.3.1 | 11.00 | 150.00 | 161.00 | NOTE | |
| r-release-windows-x86_64 | 1.3.1 | 24.00 | 181.00 | 205.00 | NOTE | |
| r-oldrel-macos-arm64 | 1.3.1 | OK | ||||
| r-oldrel-macos-x86_64 | 1.3.1 | 13.00 | 115.00 | 128.00 | OK | |
| r-oldrel-windows-x86_64 | 1.3.1 | 28.00 | 212.00 | 240.00 | OK |
Version: 1.3.1
Check: compiled code
Result: WARN
File ‘tidyr/libs/tidyr.so’:
Found non-API call to R: ‘DATAPTR’
This entry point may be removed soon.
Compiled code should not call non-API entry points in R.
See ‘Writing portable packages’ in the ‘Writing R Extensions’ manual,
and section ‘Moving into C API compliance’ for issues with the use of
non-API entry points.
Flavors: r-devel-linux-x86_64-debian-clang, r-devel-linux-x86_64-debian-gcc, r-devel-linux-x86_64-fedora-gcc
Version: 1.3.1
Check: compiled code
Result: NOTE
File ‘tidyr/libs/tidyr.so’:
Found non-API call to R: ‘DATAPTR’
Compiled code should not call non-API entry points in R.
See ‘Writing portable packages’ in the ‘Writing R Extensions’ manual,
and section ‘Moving into C API compliance’ for issues with the use of
non-API entry points.
Flavors: r-devel-linux-x86_64-fedora-clang, r-patched-linux-x86_64, r-release-linux-x86_64, r-release-macos-arm64, r-release-macos-x86_64
Version: 1.3.1
Check: compiled code
Result: NOTE
File 'tidyr/libs/x64/tidyr.dll':
Found non-API call to R: 'DATAPTR'
Compiled code should not call non-API entry points in R.
See 'Writing portable packages' in the 'Writing R Extensions' manual,
and section 'Moving into C API compliance' for issues with the use of
non-API entry points.
Flavors: r-devel-windows-x86_64, r-release-windows-x86_64