Last updated on 2025-11-25 11:52:08 CET.
| Flavor | Version | Tinstall | Tcheck | Ttotal | Status | Flags |
|---|---|---|---|---|---|---|
| r-devel-linux-x86_64-debian-clang | 0.1.4 | 7.22 | 68.75 | 75.97 | NOTE | |
| r-devel-linux-x86_64-debian-gcc | 0.1.4 | 5.40 | 51.10 | 56.50 | NOTE | |
| r-devel-linux-x86_64-fedora-clang | 0.1.4 | 16.00 | 98.50 | 114.50 | OK | |
| r-devel-linux-x86_64-fedora-gcc | 0.1.4 | 15.00 | 93.95 | 108.95 | OK | |
| r-devel-windows-x86_64 | 0.1.4 | 9.00 | 76.00 | 85.00 | OK | |
| r-patched-linux-x86_64 | 0.1.4 | 7.31 | 63.60 | 70.91 | OK | |
| r-release-linux-x86_64 | 0.1.4 | 7.47 | 63.54 | 71.01 | OK | |
| r-release-macos-arm64 | 0.1.4 | OK | ||||
| r-release-macos-x86_64 | 0.1.4 | 6.00 | 54.00 | 60.00 | OK | |
| r-release-windows-x86_64 | 0.1.4 | 8.00 | 80.00 | 88.00 | OK | |
| r-oldrel-macos-arm64 | 0.1.4 | OK | ||||
| r-oldrel-macos-x86_64 | 0.1.4 | 5.00 | 47.00 | 52.00 | OK | |
| r-oldrel-windows-x86_64 | 0.1.4 | 11.00 | 96.00 | 107.00 | OK |
Version: 0.1.4
Check: CRAN incoming feasibility
Result: NOTE
Maintainer: ‘Tyler Rinker <tyler.rinker@gmail.com>’
Package CITATION file contains call(s) to old-style citEntry(). Please
use bibentry() instead.
Flavors: r-devel-linux-x86_64-debian-clang, r-devel-linux-x86_64-debian-gcc