Last updated on 2025-10-11 10:49:43 CEST.
Flavor | Version | Tinstall | Tcheck | Ttotal | Status | Flags |
---|---|---|---|---|---|---|
r-devel-linux-x86_64-debian-clang | 0.2.2 | 7.35 | 166.86 | 174.21 | NOTE | |
r-devel-linux-x86_64-debian-gcc | 0.2.2 | 5.19 | 67.58 | 72.77 | ERROR | |
r-devel-linux-x86_64-fedora-clang | 0.2.2 | 265.35 | NOTE | |||
r-devel-linux-x86_64-fedora-gcc | 0.2.2 | 248.86 | NOTE | |||
r-devel-windows-x86_64 | 0.2.2 | 8.00 | 168.00 | 176.00 | OK | |
r-patched-linux-x86_64 | 0.2.2 | 6.62 | 163.21 | 169.83 | NOTE | |
r-release-linux-x86_64 | 0.2.2 | 5.99 | 164.64 | 170.63 | NOTE | |
r-release-macos-arm64 | 0.2.2 | 96.00 | OK | |||
r-release-macos-x86_64 | 0.2.2 | 188.00 | OK | |||
r-release-windows-x86_64 | 0.2.2 | 8.00 | 174.00 | 182.00 | OK | |
r-oldrel-macos-arm64 | 0.2.2 | 80.00 | OK | |||
r-oldrel-macos-x86_64 | 0.2.2 | 318.00 | OK | |||
r-oldrel-windows-x86_64 | 0.2.2 | 10.00 | 214.00 | 224.00 | OK |
Version: 0.2.2
Check: Rd cross-references
Result: NOTE
Unknown package ‘ggalt’ in Rd xrefs
Flavors: r-devel-linux-x86_64-debian-clang, r-devel-linux-x86_64-debian-gcc, r-devel-linux-x86_64-fedora-clang, r-devel-linux-x86_64-fedora-gcc, r-patched-linux-x86_64, r-release-linux-x86_64
Version: 0.2.2
Check: re-building of vignette outputs
Result: ERROR
Error(s) in re-building vignettes:
...
--- re-building ‘textplot-examples.Rnw’ using knitr
Attaching package: 'igraph'
The following objects are masked from 'package:stats':
decompose, spectrum
The following object is masked from 'package:base':
union
trying URL 'https://raw.githubusercontent.com/jwijffels/udpipe.models.ud.2.5/master/inst/udpipe-ud-2.5-191206/english-ewt-ud-2.5-191206.udpipe'
Quitting from textplot-examples.Rnw:52-62 [unnamed-chunk-1]
~~~~~~~~~~~~~~~~~~~~~~~~~~~~~~~~~~~~~~~~~~~~~~~~~~~~~~~~~~~~~~~~~~~~~~~~~~~~~~~~
<error/rlang_error>
Error in `udpipe_load_model()`:
! File /home/hornik/tmp/R.check/r-devel-gcc/Work/PKGS/textplot.Rcheck/vign_test/textplot/vignettes/english-ewt-ud-2.5-191206.udpipe containing the language model does not exist
---
Backtrace:
x
1. +-udpipe::udpipe(...)
2. \-udpipe:::udpipe.character(...)
3. \-udpipe:::getmodel(object, ...)
4. \-udpipe:::getmodel(...)
5. \-udpipe::udpipe_load_model(object)
~~~~~~~~~~~~~~~~~~~~~~~~~~~~~~~~~~~~~~~~~~~~~~~~~~~~~~~~~~~~~~~~~~~~~~~~~~~~~~~~
Error: processing vignette 'textplot-examples.Rnw' failed with diagnostics:
File /home/hornik/tmp/R.check/r-devel-gcc/Work/PKGS/textplot.Rcheck/vign_test/textplot/vignettes/english-ewt-ud-2.5-191206.udpipe containing the language model does not exist
--- failed re-building ‘textplot-examples.Rnw’
SUMMARY: processing the following file failed:
‘textplot-examples.Rnw’
Error: Vignette re-building failed.
Execution halted
Flavor: r-devel-linux-x86_64-debian-gcc