Last updated on 2025-11-11 10:50:17 CET.
| Flavor | Version | Tinstall | Tcheck | Ttotal | Status | Flags |
|---|---|---|---|---|---|---|
| r-devel-linux-x86_64-debian-clang | 3.0.6 | 70.07 | 355.79 | 425.86 | OK | |
| r-devel-linux-x86_64-debian-gcc | 3.0.6 | 45.78 | 252.28 | 298.06 | OK | |
| r-devel-linux-x86_64-fedora-clang | 3.0.6 | 149.00 | 554.12 | 703.12 | OK | |
| r-devel-linux-x86_64-fedora-gcc | 3.0.6 | 158.00 | 591.39 | 749.39 | OK | |
| r-devel-windows-x86_64 | 3.0.6 | 86.00 | 398.00 | 484.00 | OK | |
| r-patched-linux-x86_64 | 3.0.6 | 73.42 | 328.44 | 401.86 | OK | |
| r-release-linux-x86_64 | 3.0.6 | 70.48 | 330.58 | 401.06 | OK | |
| r-release-macos-arm64 | 3.0.6 | 26.00 | 220.00 | 246.00 | OK | |
| r-release-macos-x86_64 | 3.0.6 | 32.00 | 564.00 | 596.00 | OK | |
| r-release-windows-x86_64 | 3.0.6 | 84.00 | 400.00 | 484.00 | OK | |
| r-oldrel-macos-arm64 | 3.0.6 | 26.00 | 221.00 | 247.00 | NOTE | |
| r-oldrel-macos-x86_64 | 3.0.6 | 32.00 | 519.00 | 551.00 | NOTE | |
| r-oldrel-windows-x86_64 | 3.0.6 | 102.00 | 507.00 | 609.00 | OK |
Version: 3.0.6
Check: installed package size
Result: NOTE
installed size is 5.7Mb
sub-directories of 1Mb or more:
libs 3.8Mb
Flavors: r-oldrel-macos-arm64, r-oldrel-macos-x86_64