CRAN Package Check Results for Package tacmagic

Last updated on 2025-11-15 11:51:00 CET.

Flavor Version Tinstall Tcheck Ttotal Status Flags
r-devel-linux-x86_64-debian-clang 0.3.1 3.31 55.55 58.86 NOTE
r-devel-linux-x86_64-debian-gcc 0.3.1 2.26 40.85 43.11 NOTE
r-devel-linux-x86_64-fedora-clang 0.3.1 90.60 OK
r-devel-linux-x86_64-fedora-gcc 0.3.1 97.28 OK
r-devel-windows-x86_64 0.3.1 7.00 72.00 79.00 OK
r-patched-linux-x86_64 0.3.1 3.26 53.06 56.32 OK
r-release-linux-x86_64 0.3.1 3.27 53.64 56.91 OK
r-release-macos-arm64 0.3.1 2.00 40.00 42.00 OK
r-release-macos-x86_64 0.3.1 2.00 64.00 66.00 OK
r-release-windows-x86_64 0.3.1 4.00 74.00 78.00 OK
r-oldrel-macos-arm64 0.3.1 2.00 38.00 40.00 OK
r-oldrel-macos-x86_64 0.3.1 3.00 50.00 53.00 OK
r-oldrel-windows-x86_64 0.3.1 4.00 89.00 93.00 OK

Check Details

Version: 0.3.1
Check: CRAN incoming feasibility
Result: NOTE Maintainer: ‘Eric Brown <eb@ericebrown.com>’ The BugReports field in DESCRIPTION has https://github.com/ropensci/tacmagic which should likely be https://github.com/ropensci/tacmagic/issues instead. Flavors: r-devel-linux-x86_64-debian-clang, r-devel-linux-x86_64-debian-gcc