Last updated on 2025-10-30 09:50:04 CET.
| Flavor | Version | Tinstall | Tcheck | Ttotal | Status | Flags | 
|---|---|---|---|---|---|---|
| r-devel-linux-x86_64-debian-clang | 1.1.1 | 1.73 | 19.08 | 20.81 | NOTE | |
| r-devel-linux-x86_64-debian-gcc | 1.1.1 | 1.34 | 15.34 | 16.68 | NOTE | |
| r-devel-linux-x86_64-fedora-clang | 1.1.1 | 30.39 | NOTE | |||
| r-devel-linux-x86_64-fedora-gcc | 1.1.1 | 27.37 | NOTE | |||
| r-devel-windows-x86_64 | 1.1.1 | 3.00 | 34.00 | 37.00 | NOTE | |
| r-patched-linux-x86_64 | 1.1.1 | 1.53 | 17.93 | 19.46 | NOTE | |
| r-release-linux-x86_64 | 1.1.1 | 1.59 | 17.94 | 19.53 | NOTE | |
| r-release-macos-arm64 | 1.1.1 | 1.00 | 14.00 | 15.00 | NOTE | |
| r-release-macos-x86_64 | 1.1.1 | 2.00 | 19.00 | 21.00 | NOTE | |
| r-release-windows-x86_64 | 1.1.1 | 3.00 | 39.00 | 42.00 | NOTE | |
| r-oldrel-macos-arm64 | 1.1.1 | 1.00 | 13.00 | 14.00 | NOTE | |
| r-oldrel-macos-x86_64 | 1.1.1 | 1.00 | 22.00 | 23.00 | NOTE | |
| r-oldrel-windows-x86_64 | 1.1.1 | 2.00 | 36.00 | 38.00 | NOTE | 
Version: 1.1.1
Check: CRAN incoming feasibility
Result: NOTE
  Maintainer: ‘Katarina Domijan <domijank@tcd.ie>’
  
  No Authors@R field in DESCRIPTION.
  Please add one, modifying
    Authors@R: person(given = "Katarina",
                      family = "Domijan",
                      role = c("aut", "cre"),
                      email = "domijank@tcd.ie")
  as necessary.
Flavors: r-devel-linux-x86_64-debian-clang, r-devel-linux-x86_64-debian-gcc
Version: 1.1.1
Check: package subdirectories
Result: NOTE
  Problems with news in ‘NEWS.md’:
  No news entries found.
Flavors: r-devel-linux-x86_64-debian-clang, r-devel-linux-x86_64-debian-gcc, r-devel-linux-x86_64-fedora-clang, r-devel-linux-x86_64-fedora-gcc, r-devel-windows-x86_64, r-patched-linux-x86_64, r-release-linux-x86_64, r-release-macos-arm64, r-release-macos-x86_64, r-release-windows-x86_64, r-oldrel-macos-arm64, r-oldrel-macos-x86_64, r-oldrel-windows-x86_64