Last updated on 2025-10-22 09:50:54 CEST.
Flavor | Version | Tinstall | Tcheck | Ttotal | Status | Flags |
---|---|---|---|---|---|---|
r-devel-linux-x86_64-debian-clang | 1.1-30 | 8.67 | 166.56 | 175.23 | NOTE | |
r-devel-linux-x86_64-debian-gcc | 1.1-30 | 7.45 | 118.45 | 125.90 | NOTE | |
r-devel-linux-x86_64-fedora-clang | 1.1-30 | 52.00 | 232.66 | 284.66 | OK | |
r-devel-linux-x86_64-fedora-gcc | 1.1-30 | 20.00 | 253.60 | 273.60 | OK | |
r-devel-windows-x86_64 | 1.1-30 | 12.00 | 189.00 | 201.00 | OK | |
r-patched-linux-x86_64 | 1.1-30 | 11.19 | 158.03 | 169.22 | OK | |
r-release-linux-x86_64 | 1.1-30 | 9.89 | 157.12 | 167.01 | OK | |
r-release-macos-arm64 | 1.1-30 | 5.00 | 79.00 | 84.00 | OK | |
r-release-macos-x86_64 | 1.1-30 | 9.00 | 157.00 | 166.00 | OK | |
r-release-windows-x86_64 | 1.1-30 | 12.00 | 194.00 | 206.00 | OK | |
r-oldrel-macos-arm64 | 1.1-30 | 5.00 | 79.00 | 84.00 | OK | |
r-oldrel-macos-x86_64 | 1.1-30 | 10.00 | 173.00 | 183.00 | OK | |
r-oldrel-windows-x86_64 | 1.1-30 | 15.00 | 235.00 | 250.00 | OK |
Version: 1.1-30
Check: CRAN incoming feasibility
Result: NOTE
Maintainer: ‘Arne Henningsen <arne.henningsen@gmail.com>’
No Authors@R field in DESCRIPTION.
Please add one, modifying
Authors@R: c(person(given = "Arne",
family = "Henningsen",
role = c("aut", "cre"),
email = "arne.henningsen@gmail.com"),
person(given = c("Jeff", "D."),
family = "Hamann",
role = "aut"))
as necessary.
Flavors: r-devel-linux-x86_64-debian-clang, r-devel-linux-x86_64-debian-gcc