Last updated on 2025-10-22 09:50:54 CEST.
Flavor | Version | Tinstall | Tcheck | Ttotal | Status | Flags |
---|---|---|---|---|---|---|
r-devel-linux-x86_64-debian-clang | 1.0.0 | 7.65 | 88.83 | 96.48 | NOTE | |
r-devel-linux-x86_64-debian-gcc | 1.0.0 | 5.40 | 61.10 | 66.50 | NOTE | |
r-devel-linux-x86_64-fedora-clang | 1.0.0 | 30.00 | 118.70 | 148.70 | OK | |
r-devel-linux-x86_64-fedora-gcc | 1.0.0 | 16.00 | 128.35 | 144.35 | OK | |
r-devel-windows-x86_64 | 1.0.0 | 9.00 | 95.00 | 104.00 | OK | |
r-patched-linux-x86_64 | 1.0.0 | 7.21 | 79.47 | 86.68 | OK | |
r-release-linux-x86_64 | 1.0.0 | 6.61 | 79.41 | 86.02 | OK | |
r-release-macos-arm64 | 1.0.0 | 3.00 | 42.00 | 45.00 | OK | |
r-release-macos-x86_64 | 1.0.0 | 5.00 | 69.00 | 74.00 | OK | |
r-release-windows-x86_64 | 1.0.0 | 9.00 | 95.00 | 104.00 | OK | |
r-oldrel-macos-arm64 | 1.0.0 | 3.00 | 39.00 | 42.00 | OK | |
r-oldrel-macos-x86_64 | 1.0.0 | 5.00 | 60.00 | 65.00 | OK | |
r-oldrel-windows-x86_64 | 1.0.0 | 11.00 | 116.00 | 127.00 | OK |
Version: 1.0.0
Check: HTML version of manual
Result: NOTE
Found the following HTML validation problems:
Participant-class.html:407:1 (Participant-class.Rd:345): Warning: missing </ul> before </div>
ParticipantGroup-class.html:308:1 (ParticipantGroup-class.Rd:246): Warning: missing </ul> before </div>
centroid_3d_sq_dist.html:61:1 (centroid_3d_sq_dist.Rd:11): Warning: missing </ul> before </div>
Flavors: r-devel-linux-x86_64-debian-clang, r-devel-linux-x86_64-debian-gcc