Last updated on 2025-11-15 11:50:59 CET.
| Flavor | Version | Tinstall | Tcheck | Ttotal | Status | Flags |
|---|---|---|---|---|---|---|
| r-devel-linux-x86_64-debian-clang | 2.0.0 | 50.33 | 57.58 | 107.91 | OK | |
| r-devel-linux-x86_64-debian-gcc | 2.0.0 | 38.10 | 39.49 | 77.59 | OK | |
| r-devel-linux-x86_64-fedora-clang | 2.0.0 | 107.00 | 66.90 | 173.90 | OK | |
| r-devel-linux-x86_64-fedora-gcc | 2.0.0 | 120.00 | 56.39 | 176.39 | OK | |
| r-devel-windows-x86_64 | 2.0.0 | 64.00 | 87.00 | 151.00 | OK | |
| r-patched-linux-x86_64 | 2.0.0 | 56.02 | 53.44 | 109.46 | OK | |
| r-release-linux-x86_64 | 2.0.0 | 55.06 | 53.52 | 108.58 | OK | |
| r-release-macos-arm64 | 2.0.0 | 19.00 | 26.00 | 45.00 | OK | |
| r-release-macos-x86_64 | 2.0.0 | 43.00 | 58.00 | 101.00 | OK | |
| r-release-windows-x86_64 | 2.0.0 | 60.00 | 88.00 | 148.00 | OK | |
| r-oldrel-macos-arm64 | 2.0.0 | 18.00 | 25.00 | 43.00 | NOTE | |
| r-oldrel-macos-x86_64 | 2.0.0 | 36.00 | 46.00 | 82.00 | NOTE | |
| r-oldrel-windows-x86_64 | 2.0.0 | 76.00 | 110.00 | 186.00 | OK |
Version: 2.0.0
Check: installed package size
Result: NOTE
installed size is 5.3Mb
sub-directories of 1Mb or more:
libs 4.5Mb
Flavors: r-oldrel-macos-arm64, r-oldrel-macos-x86_64