Last updated on 2025-10-25 09:49:46 CEST.
| Flavor | Version | Tinstall | Tcheck | Ttotal | Status | Flags |
|---|---|---|---|---|---|---|
| r-devel-linux-x86_64-debian-clang | 2.4.5 | 6.78 | 51.06 | 57.84 | OK | |
| r-devel-linux-x86_64-debian-gcc | 2.4.5 | 4.01 | 39.47 | 43.48 | OK | |
| r-devel-linux-x86_64-fedora-clang | 2.4.5 | 32.00 | 61.75 | 93.75 | OK | |
| r-devel-linux-x86_64-fedora-gcc | 2.4.5 | 12.00 | 67.58 | 79.58 | OK | |
| r-devel-windows-x86_64 | 2.4.5 | 10.00 | 83.00 | 93.00 | OK | |
| r-patched-linux-x86_64 | 2.4.5 | 7.21 | 48.46 | 55.67 | OK | |
| r-release-linux-x86_64 | 2.4.5 | 5.83 | 48.97 | 54.80 | OK | |
| r-release-macos-arm64 | 2.4.5 | 4.00 | 38.00 | 42.00 | OK | |
| r-release-macos-x86_64 | 2.4.5 | 5.00 | 46.00 | 51.00 | OK | |
| r-release-windows-x86_64 | 2.4.5 | 9.00 | 86.00 | 95.00 | OK | |
| r-oldrel-macos-arm64 | 2.4.5 | 3.00 | 27.00 | 30.00 | NOTE | |
| r-oldrel-macos-x86_64 | 2.4.5 | 5.00 | 38.00 | 43.00 | NOTE | |
| r-oldrel-windows-x86_64 | 2.4.5 | 12.00 | 94.00 | 106.00 | NOTE |
Version: 2.4.5
Check: LazyData
Result: NOTE
'LazyData' is specified without a 'data' directory
Flavors: r-oldrel-macos-arm64, r-oldrel-macos-x86_64, r-oldrel-windows-x86_64