Last updated on 2025-10-24 09:50:20 CEST.
| Flavor | Version | Tinstall | Tcheck | Ttotal | Status | Flags |
|---|---|---|---|---|---|---|
| r-devel-linux-x86_64-debian-clang | 2.0-3 | 90.55 | 178.55 | 269.10 | OK | |
| r-devel-linux-x86_64-debian-gcc | 2.0-3 | 63.82 | 114.53 | 178.35 | OK | |
| r-devel-linux-x86_64-fedora-clang | 2.0-3 | 164.00 | 283.36 | 447.36 | OK | |
| r-devel-linux-x86_64-fedora-gcc | 2.0-3 | 161.00 | 276.22 | 437.22 | OK | |
| r-devel-windows-x86_64 | 2.0-3 | 108.00 | 244.00 | 352.00 | OK | |
| r-patched-linux-x86_64 | 2.0-3 | 97.47 | 167.08 | 264.55 | OK | |
| r-release-linux-x86_64 | 2.0-3 | 94.06 | 168.00 | 262.06 | OK | |
| r-release-macos-arm64 | 2.0-3 | 38.00 | 87.00 | 125.00 | OK | |
| r-release-macos-x86_64 | 2.0-3 | 37.00 | 183.00 | 220.00 | OK | |
| r-release-windows-x86_64 | 2.0-3 | 107.00 | 244.00 | 351.00 | OK | |
| r-oldrel-macos-arm64 | 2.0-3 | 30.00 | 75.00 | 105.00 | NOTE | |
| r-oldrel-macos-x86_64 | 2.0-3 | 39.00 | 143.00 | 182.00 | NOTE | |
| r-oldrel-windows-x86_64 | 2.0-3 | 128.00 | 303.00 | 431.00 | OK |
Version: 2.0-3
Check: installed package size
Result: NOTE
installed size is 13.7Mb
sub-directories of 1Mb or more:
doc 1.7Mb
libs 10.8Mb
Flavors: r-oldrel-macos-arm64, r-oldrel-macos-x86_64