Last updated on 2025-11-23 12:50:04 CET.
| Flavor | Version | Tinstall | Tcheck | Ttotal | Status | Flags |
|---|---|---|---|---|---|---|
| r-devel-linux-x86_64-debian-clang | 0.0.1.7 | 29.00 | 30.32 | 59.32 | NOTE | |
| r-devel-linux-x86_64-debian-gcc | 0.0.1.7 | 19.46 | 27.62 | 47.08 | NOTE | |
| r-devel-linux-x86_64-fedora-clang | 0.0.1.7 | 84.00 | 30.40 | 114.40 | NOTE | |
| r-devel-linux-x86_64-fedora-gcc | 0.0.1.7 | 173.00 | -54.62 | 118.38 | NOTE | |
| r-devel-windows-x86_64 | 0.0.1.7 | 43.00 | 80.00 | 123.00 | NOTE | |
| r-patched-linux-x86_64 | 0.0.1.7 | 26.97 | 29.33 | 56.30 | NOTE | |
| r-release-linux-x86_64 | 0.0.1.7 | 27.74 | 29.28 | 57.02 | NOTE | |
| r-release-macos-arm64 | 0.0.1.7 | NOTE | ||||
| r-release-macos-x86_64 | 0.0.1.7 | 13.00 | 41.00 | 54.00 | NOTE | |
| r-release-windows-x86_64 | 0.0.1.7 | 35.00 | 79.00 | 114.00 | NOTE | |
| r-oldrel-macos-arm64 | 0.0.1.7 | NOTE | ||||
| r-oldrel-macos-x86_64 | 0.0.1.7 | 13.00 | 34.00 | 47.00 | NOTE | |
| r-oldrel-windows-x86_64 | 0.0.1.7 | 39.00 | 85.00 | 124.00 | NOTE |
Version: 0.0.1.7
Check: CRAN incoming feasibility
Result: NOTE
Maintainer: ‘Denis Rastegaev <drastega@gmail.com>’
No Authors@R field in DESCRIPTION.
Please add one, modifying
Authors@R: person(given = "Denis",
family = "Rastegaev",
role = c("aut", "cre"),
email = "drastega@gmail.com")
as necessary.
Flavors: r-devel-linux-x86_64-debian-clang, r-devel-linux-x86_64-debian-gcc
Version: 0.0.1.7
Check: package subdirectories
Result: NOTE
Problems with news in ‘NEWS.md’:
Cannot extract version info from the following section titles:
Roadmap of specklestar package
Flavors: r-devel-linux-x86_64-debian-clang, r-devel-linux-x86_64-debian-gcc, r-devel-linux-x86_64-fedora-clang, r-devel-linux-x86_64-fedora-gcc, r-devel-windows-x86_64, r-patched-linux-x86_64, r-release-linux-x86_64, r-release-macos-arm64, r-release-macos-x86_64, r-release-windows-x86_64, r-oldrel-macos-arm64, r-oldrel-macos-x86_64, r-oldrel-windows-x86_64
Version: 0.0.1.7
Check: LazyData
Result: NOTE
'LazyData' is specified without a 'data' directory
Flavors: r-oldrel-macos-arm64, r-oldrel-macos-x86_64, r-oldrel-windows-x86_64