Last updated on 2025-11-12 10:52:58 CET.
| Flavor | Version | Tinstall | Tcheck | Ttotal | Status | Flags |
|---|---|---|---|---|---|---|
| r-devel-linux-x86_64-debian-clang | 0.0.5 | 6.05 | 59.20 | 65.25 | NOTE | |
| r-devel-linux-x86_64-debian-gcc | 0.0.5 | 3.92 | 44.13 | 48.05 | NOTE | |
| r-devel-linux-x86_64-fedora-clang | 0.0.5 | 16.00 | 92.84 | 108.84 | NOTE | |
| r-devel-linux-x86_64-fedora-gcc | 0.0.5 | 14.00 | 93.49 | 107.49 | NOTE | |
| r-devel-windows-x86_64 | 0.0.5 | 9.00 | 82.00 | 91.00 | NOTE | |
| r-patched-linux-x86_64 | 0.0.5 | 6.09 | 56.18 | 62.27 | NOTE | |
| r-release-linux-x86_64 | 0.0.5 | 5.78 | 55.99 | 61.77 | NOTE | |
| r-release-macos-arm64 | 0.0.5 | 4.00 | 37.00 | 41.00 | NOTE | |
| r-release-macos-x86_64 | 0.0.5 | 6.00 | 73.00 | 79.00 | NOTE | |
| r-release-windows-x86_64 | 0.0.5 | 10.00 | 87.00 | 97.00 | NOTE | |
| r-oldrel-macos-arm64 | 0.0.5 | 3.00 | 38.00 | 41.00 | OK | |
| r-oldrel-macos-x86_64 | 0.0.5 | 5.00 | 60.00 | 65.00 | OK | |
| r-oldrel-windows-x86_64 | 0.0.5 | 12.00 | 99.00 | 111.00 | OK |
Version: 0.0.5
Check: DESCRIPTION meta-information
Result: NOTE
Missing dependency on R >= 4.1.0 because package code uses the pipe
|> or function shorthand \(...) syntax added in R 4.1.0.
File(s) using such syntax:
‘federov.R’
Flavors: r-devel-linux-x86_64-debian-clang, r-devel-linux-x86_64-debian-gcc, r-devel-linux-x86_64-fedora-clang, r-devel-linux-x86_64-fedora-gcc, r-devel-windows-x86_64, r-patched-linux-x86_64, r-release-linux-x86_64, r-release-macos-arm64, r-release-macos-x86_64, r-release-windows-x86_64