Last updated on 2025-11-22 09:50:07 CET.
| Flavor | Version | Tinstall | Tcheck | Ttotal | Status | Flags |
|---|---|---|---|---|---|---|
| r-devel-linux-x86_64-debian-clang | 3.4-2 | 27.35 | 157.97 | 185.32 | OK | |
| r-devel-linux-x86_64-debian-gcc | 3.4-3 | 26.85 | 102.88 | 129.73 | OK | |
| r-devel-linux-x86_64-fedora-clang | 3.4-3 | 185.00 | 120.31 | 305.31 | OK | |
| r-devel-linux-x86_64-fedora-gcc | 3.4-3 | 120.00 | 168.80 | 288.80 | OK | |
| r-devel-windows-x86_64 | 3.4-2 | 66.00 | 165.00 | 231.00 | OK | |
| r-patched-linux-x86_64 | 3.4-2 | 39.98 | 141.00 | 180.98 | OK | |
| r-release-linux-x86_64 | 3.4-2 | 34.96 | 139.21 | 174.17 | OK | |
| r-release-macos-arm64 | 3.4-3 | 0.00 | 5.00 | 5.00 | ERROR | |
| r-release-macos-x86_64 | 3.4-3 | 43.00 | 153.00 | 196.00 | OK | |
| r-release-windows-x86_64 | 3.4-2 | 51.00 | 167.00 | 218.00 | OK | |
| r-oldrel-macos-arm64 | 3.4-3 | 0.00 | 10.00 | 10.00 | ERROR | |
| r-oldrel-macos-x86_64 | 3.4-3 | 41.00 | 170.00 | 211.00 | OK | |
| r-oldrel-windows-x86_64 | 3.4-2 | 65.00 | 209.00 | 274.00 | OK |
Version: 3.4-3
Check: whether package can be installed
Result: ERROR
Installation failed.
Flavors: r-release-macos-arm64, r-oldrel-macos-arm64