Last updated on 2025-10-05 09:49:35 CEST.
Flavor | Version | Tinstall | Tcheck | Ttotal | Status | Flags |
---|---|---|---|---|---|---|
r-devel-linux-x86_64-debian-clang | 3.4-2 | 38.04 | 438.78 | 476.82 | OK | |
r-devel-linux-x86_64-debian-gcc | 3.4-2 | 25.17 | 303.03 | 328.20 | OK | |
r-devel-linux-x86_64-fedora-clang | 3.4-2 | 680.23 | OK | |||
r-devel-linux-x86_64-fedora-gcc | 3.4-2 | 646.38 | OK | |||
r-devel-windows-x86_64 | 3.4-2 | 48.00 | 472.00 | 520.00 | OK | |
r-patched-linux-x86_64 | 3.4-2 | 55.94 | 422.37 | 478.31 | OK | |
r-release-linux-x86_64 | 3.4-2 | 36.61 | 420.27 | 456.88 | OK | |
r-release-macos-arm64 | 3.4-0 | 176.00 | OK | |||
r-release-macos-x86_64 | 3.4-2 | 793.00 | OK | |||
r-release-windows-x86_64 | 3.4-2 | 42.00 | 436.00 | 478.00 | OK | |
r-oldrel-macos-arm64 | 3.4-0 | 172.00 | NOTE | |||
r-oldrel-macos-x86_64 | 3.4-2 | 852.00 | NOTE | |||
r-oldrel-windows-x86_64 | 3.4-2 | 68.00 | 650.00 | 718.00 | NOTE |
Version: 3.4-0
Check: package dependencies
Result: NOTE
Depends: includes the non-default packages:
'spatstat.data', 'spatstat.univar', 'spatstat.geom',
'spatstat.random', 'spatstat.explore', 'nlme', 'rpart'
Adding so many packages to the search path is excessive and importing
selectively is preferable.
Flavor: r-oldrel-macos-arm64
Version: 3.4-2
Check: package dependencies
Result: NOTE
Depends: includes the non-default packages:
'spatstat.data', 'spatstat.univar', 'spatstat.geom',
'spatstat.random', 'spatstat.explore', 'nlme', 'rpart'
Adding so many packages to the search path is excessive and importing
selectively is preferable.
Flavors: r-oldrel-macos-x86_64, r-oldrel-windows-x86_64