CRAN Package Check Results for Package spatialising

Last updated on 2025-10-01 10:50:01 CEST.

Flavor Version Tinstall Tcheck Ttotal Status Flags
r-devel-linux-x86_64-debian-clang 0.6.0 11.00 407.68 418.68 NOTE
r-devel-linux-x86_64-debian-gcc 0.6.0 6.66 273.16 279.82 NOTE
r-devel-linux-x86_64-fedora-clang 0.6.2 WARN
r-devel-linux-x86_64-fedora-gcc 0.6.2 461.72 OK
r-devel-windows-x86_64 0.6.0 15.00 475.00 490.00 NOTE
r-patched-linux-x86_64 0.6.0 9.88 404.68 414.56 NOTE
r-release-linux-x86_64 0.6.0 10.99 403.26 414.25 NOTE
r-release-macos-arm64 0.6.2 168.00 OK
r-release-macos-x86_64 0.6.2 478.00 OK
r-release-windows-x86_64 0.6.2 17.00 433.00 450.00 OK
r-oldrel-macos-arm64 0.6.0 138.00 OK
r-oldrel-macos-x86_64 0.6.2 519.00 OK
r-oldrel-windows-x86_64 0.6.2 17.00 446.00 463.00 OK

Check Details

Version: 0.6.0
Check: DESCRIPTION meta-information
Result: NOTE Missing dependency on R >= 4.1.0 because package code uses the pipe |> or function shorthand \(...) syntax added in R 4.1.0. File(s) using such syntax: ‘kinetic_ising_ensemble.R’ Flavors: r-devel-linux-x86_64-debian-clang, r-devel-linux-x86_64-debian-gcc, r-devel-windows-x86_64, r-patched-linux-x86_64, r-release-linux-x86_64

Version: 0.6.2
Check: if this is a source package
Result: WARN Subdirectory ‘spatialising/src’ contains apparent object files/libraries RcppExports.o code.o Object files/libraries should not be included in a source package. Flavor: r-devel-linux-x86_64-fedora-clang