Last updated on 2025-10-31 09:50:31 CET.
| Flavor | Version | Tinstall | Tcheck | Ttotal | Status | Flags | 
|---|---|---|---|---|---|---|
| r-devel-linux-x86_64-debian-clang | 0.1.0 | 6.12 | 55.06 | 61.18 | OK | |
| r-devel-linux-x86_64-debian-gcc | 0.1.0 | 4.90 | 40.21 | 45.11 | OK | |
| r-devel-linux-x86_64-fedora-clang | 0.1.0 | 16.00 | 78.96 | 94.96 | OK | |
| r-devel-linux-x86_64-fedora-gcc | 0.1.0 | 12.00 | 74.05 | 86.05 | OK | |
| r-devel-windows-x86_64 | 0.1.0 | 7.00 | 69.00 | 76.00 | OK | |
| r-patched-linux-x86_64 | 0.1.0 | 6.09 | 51.15 | 57.24 | OK | |
| r-release-linux-x86_64 | 0.1.0 | 5.87 | 50.57 | 56.44 | OK | |
| r-release-macos-arm64 | 0.1.0 | 3.00 | 26.00 | 29.00 | OK | |
| r-release-macos-x86_64 | 0.1.0 | 6.00 | 49.00 | 55.00 | OK | |
| r-release-windows-x86_64 | 0.1.0 | 7.00 | 71.00 | 78.00 | OK | |
| r-oldrel-macos-arm64 | 0.1.0 | 3.00 | 25.00 | 28.00 | NOTE | |
| r-oldrel-macos-x86_64 | 0.1.0 | 5.00 | 39.00 | 44.00 | NOTE | |
| r-oldrel-windows-x86_64 | 0.1.0 | 11.00 | 83.00 | 94.00 | NOTE | 
Version: 0.1.0
Check: LazyData
Result: NOTE
    'LazyData' is specified without a 'data' directory
Flavors: r-oldrel-macos-arm64, r-oldrel-macos-x86_64, r-oldrel-windows-x86_64