Last updated on 2025-11-23 12:50:04 CET.
| Flavor | Version | Tinstall | Tcheck | Ttotal | Status | Flags |
|---|---|---|---|---|---|---|
| r-devel-linux-x86_64-debian-clang | 1.2.0 | 7.62 | 74.46 | 82.08 | NOTE | |
| r-devel-linux-x86_64-debian-gcc | 1.2.0 | 5.97 | 54.16 | 60.13 | NOTE | |
| r-devel-linux-x86_64-fedora-clang | 1.2.0 | 19.00 | 103.51 | 122.51 | NOTE | |
| r-devel-linux-x86_64-fedora-gcc | 1.2.0 | 17.00 | 109.25 | 126.25 | NOTE | |
| r-devel-windows-x86_64 | 1.2.0 | 14.00 | 124.00 | 138.00 | NOTE | |
| r-patched-linux-x86_64 | 1.2.0 | 9.33 | 65.94 | 75.27 | NOTE | |
| r-release-linux-x86_64 | 1.2.0 | 7.04 | 65.86 | 72.90 | NOTE | |
| r-release-macos-arm64 | 1.2.0 | NOTE | ||||
| r-release-macos-x86_64 | 1.2.0 | 6.00 | 63.00 | 69.00 | NOTE | |
| r-release-windows-x86_64 | 1.2.0 | 11.00 | 141.00 | 152.00 | NOTE | |
| r-oldrel-macos-arm64 | 1.2.0 | NOTE | ||||
| r-oldrel-macos-x86_64 | 1.2.0 | 5.00 | 59.00 | 64.00 | NOTE | |
| r-oldrel-windows-x86_64 | 1.2.0 | 15.00 | 139.00 | 154.00 | NOTE |
Version: 1.2.0
Check: Rd files
Result: NOTE
checkRd: (-1) solr_mlt.Rd:70: Lost braces; missing escapes or markup?
70 | TermVector DEFAULT_FIELD_NAMES = new String[] {"contents"}
| ^
Flavors: r-devel-linux-x86_64-debian-clang, r-devel-linux-x86_64-debian-gcc, r-devel-linux-x86_64-fedora-clang, r-devel-linux-x86_64-fedora-gcc, r-devel-windows-x86_64, r-patched-linux-x86_64, r-release-linux-x86_64, r-release-macos-arm64, r-release-macos-x86_64, r-release-windows-x86_64, r-oldrel-macos-arm64, r-oldrel-macos-x86_64, r-oldrel-windows-x86_64