Last updated on 2025-10-22 09:50:52 CEST.
Flavor | Version | Tinstall | Tcheck | Ttotal | Status | Flags |
---|---|---|---|---|---|---|
r-devel-linux-x86_64-debian-clang | 1.0.8 | 12.76 | 174.34 | 187.10 | NOTE | |
r-devel-linux-x86_64-debian-gcc | 1.0.8 | 9.26 | 115.02 | 124.28 | NOTE | |
r-devel-linux-x86_64-fedora-clang | 1.0.8 | 27.00 | 281.13 | 308.13 | OK | |
r-devel-linux-x86_64-fedora-gcc | 1.0.8 | 25.00 | 266.27 | 291.27 | OK | |
r-devel-windows-x86_64 | 1.0.8 | 14.00 | 160.00 | 174.00 | OK | |
r-patched-linux-x86_64 | 1.0.8 | 11.93 | 163.72 | 175.65 | OK | |
r-release-linux-x86_64 | 1.0.8 | 9.50 | 165.14 | 174.64 | OK | |
r-release-macos-arm64 | 1.0.8 | 6.00 | 76.00 | 82.00 | OK | |
r-release-macos-x86_64 | 1.0.8 | 10.00 | 155.00 | 165.00 | OK | |
r-release-windows-x86_64 | 1.0.8 | 14.00 | 164.00 | 178.00 | OK | |
r-oldrel-macos-arm64 | 1.0.8 | 5.00 | 82.00 | 87.00 | OK | |
r-oldrel-macos-x86_64 | 1.0.8 | 10.00 | 157.00 | 167.00 | OK | |
r-oldrel-windows-x86_64 | 1.0.8 | 18.00 | 212.00 | 230.00 | OK |
Version: 1.0.8
Check: HTML version of manual
Result: NOTE
Found the following HTML validation problems:
makeGlmer.html:69:1 (makeGlmer.Rd:24): Warning: missing </ul> before </div>
Flavors: r-devel-linux-x86_64-debian-clang, r-devel-linux-x86_64-debian-gcc