CRAN Package Check Results for Package simpr.interaction

Last updated on 2025-11-17 10:50:36 CET.

Flavor Version Tinstall Tcheck Ttotal Status Flags
r-devel-linux-x86_64-debian-clang 0.1.0 3.19 32.92 36.11 OK
r-devel-linux-x86_64-debian-gcc 0.1.0 2.40 25.07 27.47 NOTE
r-devel-linux-x86_64-fedora-clang 0.1.0 13.00 43.61 56.61 OK
r-devel-linux-x86_64-fedora-gcc 0.1.0 13.00 43.65 56.65 OK
r-devel-windows-x86_64 0.1.0 8.00 53.00 61.00 OK
r-patched-linux-x86_64 0.1.0 3.21 31.66 34.87 OK
r-release-linux-x86_64 0.1.0 3.81 31.75 35.56 OK
r-release-macos-arm64 0.1.0 2.00 21.00 23.00 OK
r-release-macos-x86_64 0.1.0 3.00 40.00 43.00 OK
r-release-windows-x86_64 0.1.0 6.00 54.00 60.00 OK
r-oldrel-macos-arm64 0.1.0 2.00 22.00 24.00 OK
r-oldrel-macos-x86_64 0.1.0 3.00 44.00 47.00 OK
r-oldrel-windows-x86_64 0.1.0 7.00 61.00 68.00 OK

Check Details

Version: 0.1.0
Check: CRAN incoming feasibility
Result: NOTE Maintainer: ‘Ethan C. Brown <ethancbrown@gmail.com>’ The BugReports field in DESCRIPTION has https://github.com/statisfactions/simpr.interaction/issues/ which should likely be https://github.com/statisfactions/simpr.interaction/issues/issues instead. Flavor: r-devel-linux-x86_64-debian-gcc