Last updated on 2025-10-27 09:50:46 CET.
| Flavor | Version | Tinstall | Tcheck | Ttotal | Status | Flags |
|---|---|---|---|---|---|---|
| r-devel-linux-x86_64-debian-clang | 0.1.0 | 7.61 | 56.57 | 64.18 | NOTE | |
| r-devel-linux-x86_64-debian-gcc | 0.1.0 | 5.21 | 41.41 | 46.62 | NOTE | |
| r-devel-linux-x86_64-fedora-clang | 0.1.0 | 22.00 | 80.15 | 102.15 | NOTE | |
| r-devel-linux-x86_64-fedora-gcc | 0.1.0 | 19.00 | 87.35 | 106.35 | NOTE | |
| r-devel-windows-x86_64 | 0.1.0 | 12.00 | 146.00 | 158.00 | NOTE | |
| r-patched-linux-x86_64 | 0.1.0 | 7.65 | 52.11 | 59.76 | NOTE | |
| r-release-linux-x86_64 | 0.1.0 | 7.32 | 51.53 | 58.85 | NOTE | |
| r-release-macos-arm64 | 0.1.0 | 4.00 | 34.00 | 38.00 | NOTE | |
| r-release-macos-x86_64 | 0.1.0 | 8.00 | 65.00 | 73.00 | NOTE | |
| r-release-windows-x86_64 | 0.1.0 | 14.00 | 73.00 | 87.00 | NOTE | |
| r-oldrel-macos-arm64 | 0.1.0 | 5.00 | 33.00 | 38.00 | NOTE | |
| r-oldrel-macos-x86_64 | 0.1.0 | 7.00 | 51.00 | 58.00 | NOTE | |
| r-oldrel-windows-x86_64 | 0.1.0 | 15.00 | 87.00 | 102.00 | NOTE |
Version: 0.1.0
Check: C++ specification
Result: NOTE
Specified C++11: please drop specification unless essential
Flavors: r-devel-linux-x86_64-debian-clang, r-devel-linux-x86_64-debian-gcc, r-devel-linux-x86_64-fedora-clang, r-devel-linux-x86_64-fedora-gcc, r-devel-windows-x86_64, r-patched-linux-x86_64, r-release-linux-x86_64, r-release-macos-arm64, r-release-macos-x86_64, r-release-windows-x86_64, r-oldrel-macos-arm64, r-oldrel-macos-x86_64, r-oldrel-windows-x86_64