Last updated on 2025-10-24 09:50:17 CEST.
| Flavor | Version | Tinstall | Tcheck | Ttotal | Status | Flags |
|---|---|---|---|---|---|---|
| r-devel-linux-x86_64-debian-clang | 1.2 | 6.68 | 50.54 | 57.22 | NOTE | |
| r-devel-linux-x86_64-debian-gcc | 1.2 | 4.34 | 35.62 | 39.96 | NOTE | |
| r-devel-linux-x86_64-fedora-clang | 1.2 | 13.00 | 70.78 | 83.78 | NOTE | |
| r-devel-linux-x86_64-fedora-gcc | 1.2 | 18.00 | 62.23 | 80.23 | NOTE | |
| r-devel-windows-x86_64 | 1.2 | 9.00 | 67.00 | 76.00 | NOTE | |
| r-patched-linux-x86_64 | 1.2 | 6.29 | 45.29 | 51.58 | NOTE | |
| r-release-linux-x86_64 | 1.2 | 5.72 | 45.53 | 51.25 | NOTE | |
| r-release-macos-arm64 | 1.2 | 3.00 | 25.00 | 28.00 | NOTE | |
| r-release-macos-x86_64 | 1.2 | 5.00 | 42.00 | 47.00 | NOTE | |
| r-release-windows-x86_64 | 1.2 | 11.00 | 62.00 | 73.00 | NOTE | |
| r-oldrel-macos-arm64 | 1.2 | 3.00 | 25.00 | 28.00 | NOTE | |
| r-oldrel-macos-x86_64 | 1.2 | 5.00 | 34.00 | 39.00 | NOTE | |
| r-oldrel-windows-x86_64 | 1.2 | 10.00 | 74.00 | 84.00 | NOTE |
Version: 1.2
Check: Rd files
Result: NOTE
checkRd: (-1) shiny_pivot_table.Rd:58: Lost braces in \itemize; meant \describe ?
checkRd: (-1) shiny_pivot_table.Rd:59: Lost braces in \itemize; meant \describe ?
checkRd: (-1) shiny_pivot_table.Rd:60: Lost braces in \itemize; meant \describe ?
checkRd: (-1) shiny_pivot_table.Rd:61: Lost braces in \itemize; meant \describe ?
checkRd: (-1) shiny_pivot_table.Rd:62: Lost braces in \itemize; meant \describe ?
checkRd: (-1) shiny_pivot_table.Rd:63: Lost braces in \itemize; meant \describe ?
checkRd: (-1) shiny_pivot_table.Rd:64: Lost braces in \itemize; meant \describe ?
Flavors: r-devel-linux-x86_64-debian-clang, r-devel-linux-x86_64-debian-gcc, r-devel-linux-x86_64-fedora-clang, r-devel-linux-x86_64-fedora-gcc, r-devel-windows-x86_64, r-patched-linux-x86_64, r-release-linux-x86_64, r-release-macos-arm64, r-release-macos-x86_64, r-release-windows-x86_64, r-oldrel-macos-arm64, r-oldrel-macos-x86_64, r-oldrel-windows-x86_64